Last updated on 2025-05-17 07:50:35 CEST.
Flavor | Version | Tinstall | Tcheck | Ttotal | Status | Flags |
---|---|---|---|---|---|---|
r-devel-linux-x86_64-debian-clang | 2.0 | 5.09 | 49.29 | 54.38 | ERROR | |
r-devel-linux-x86_64-debian-gcc | 2.0 | 3.60 | 37.78 | 41.38 | OK | |
r-devel-linux-x86_64-fedora-clang | 2.0 | 92.08 | OK | |||
r-devel-linux-x86_64-fedora-gcc | 2.0 | 98.34 | OK | |||
r-devel-windows-x86_64 | 2.0 | 9.00 | 72.00 | 81.00 | OK | |
r-patched-linux-x86_64 | 2.0 | 4.41 | 49.70 | 54.11 | OK | |
r-release-linux-x86_64 | 2.0 | 5.20 | 48.74 | 53.94 | OK | |
r-release-macos-arm64 | 2.0 | 40.00 | OK | |||
r-release-macos-x86_64 | 2.0 | 66.00 | OK | |||
r-release-windows-x86_64 | 2.0 | 7.00 | 73.00 | 80.00 | OK | |
r-oldrel-macos-arm64 | 2.0 | 43.00 | OK | |||
r-oldrel-macos-x86_64 | 2.0 | 75.00 | OK | |||
r-oldrel-windows-x86_64 | 2.0 | 9.00 | 82.00 | 91.00 | OK |
Version: 2.0
Check: re-building of vignette outputs
Result: ERROR
Error(s) in re-building vignettes:
...
--- re-building ‘pmcftp.Rmd’ using rmarkdown
--- finished re-building ‘pmcftp.Rmd’
--- re-building ‘tidypmc.Rmd’ using rmarkdown
Quitting from tidypmc.Rmd:22-26 [epmc_ftxt]
~~~~~~~~~~~~~~~~~~~~~~~~~~~~~~~~~~~~~~~~~~~~~~~~~~~~~~~~~~~~~~~~~~~~~~~~~~~~~~~~
<error/rlang_error>
Error in `open.connection()`:
! cannot open the connection
---
Backtrace:
▆
1. └─tidypmc::pmc_xml("PMC2231364")
2. ├─xml2::read_xml(url1)
3. └─xml2:::read_xml.character(url1)
4. └─xml2:::read_xml.connection(...)
5. ├─base::open(x, "rb")
6. └─base::open.connection(x, "rb")
~~~~~~~~~~~~~~~~~~~~~~~~~~~~~~~~~~~~~~~~~~~~~~~~~~~~~~~~~~~~~~~~~~~~~~~~~~~~~~~~
Error: processing vignette 'tidypmc.Rmd' failed with diagnostics:
cannot open the connection
--- failed re-building ‘tidypmc.Rmd’
SUMMARY: processing the following file failed:
‘tidypmc.Rmd’
Error: Vignette re-building failed.
Execution halted
Flavor: r-devel-linux-x86_64-debian-clang