Last updated on 2025-04-29 19:50:49 CEST.
Flavor | Version | Tinstall | Tcheck | Ttotal | Status | Flags |
---|---|---|---|---|---|---|
r-devel-linux-x86_64-debian-clang | 1.2.3 | 353.41 | 87.02 | 440.43 | NOTE | |
r-devel-linux-x86_64-debian-gcc | 1.2.3 | 223.20 | 63.02 | 286.22 | OK | |
r-devel-linux-x86_64-fedora-clang | 1.2.3 | 752.63 | OK | |||
r-devel-linux-x86_64-fedora-gcc | 1.2.3 | 747.63 | OK | |||
r-devel-windows-x86_64 | 1.2.3 | 296.00 | 150.00 | 446.00 | OK | |
r-patched-linux-x86_64 | 1.2.3 | 310.89 | 81.09 | 391.98 | OK | |
r-release-linux-x86_64 | 1.2.3 | 312.70 | 81.09 | 393.79 | OK | |
r-release-macos-arm64 | 1.2.3 | 204.00 | OK | |||
r-release-macos-x86_64 | 1.2.3 | 219.00 | OK | |||
r-release-windows-x86_64 | 1.2.3 | 304.00 | 147.00 | 451.00 | OK | |
r-oldrel-macos-arm64 | 1.2.3 | 222.00 | NOTE | |||
r-oldrel-macos-x86_64 | 1.2.3 | 242.00 | NOTE | |||
r-oldrel-windows-x86_64 | 1.2.3 | 323.00 | 173.00 | 496.00 | OK |
Version: 1.2.3
Check: examples
Result: NOTE
Examples with CPU (user + system) or elapsed time > 5s
user system elapsed
export_sq 4.363 0.305 6.213
Flavor: r-devel-linux-x86_64-debian-clang
Version: 1.2.3
Check: installed package size
Result: NOTE
installed size is 46.4Mb
sub-directories of 1Mb or more:
libs 45.5Mb
Flavors: r-oldrel-macos-arm64, r-oldrel-macos-x86_64