Last updated on 2025-04-29 13:51:43 CEST.
Flavor | Version | Tinstall | Tcheck | Ttotal | Status | Flags |
---|---|---|---|---|---|---|
r-devel-linux-x86_64-debian-clang | 1.1 | 1.66 | 19.48 | 21.14 | NOTE | |
r-devel-linux-x86_64-debian-gcc | 1.1 | 1.50 | 15.87 | 17.37 | NOTE | |
r-devel-linux-x86_64-fedora-clang | 1.1 | 34.08 | OK | |||
r-devel-linux-x86_64-fedora-gcc | 1.1 | 31.76 | OK | |||
r-devel-windows-x86_64 | 1.1 | 3.00 | 41.00 | 44.00 | OK | |
r-patched-linux-x86_64 | 1.1 | 1.72 | 18.92 | 20.64 | OK | |
r-release-linux-x86_64 | 1.1 | 1.82 | 18.84 | 20.66 | OK | |
r-release-macos-arm64 | 1.1 | 17.00 | OK | |||
r-release-macos-x86_64 | 1.1 | 26.00 | OK | |||
r-release-windows-x86_64 | 1.1 | 5.00 | 46.00 | 51.00 | OK | |
r-oldrel-macos-arm64 | 1.1 | 16.00 | OK | |||
r-oldrel-macos-x86_64 | 1.1 | 22.00 | OK | |||
r-oldrel-windows-x86_64 | 1.1 | 2.00 | 40.00 | 42.00 | OK |
Version: 1.1
Check: CRAN incoming feasibility
Result: NOTE
Maintainer: ‘Chi Song <song.1188@osu.edu>’
No Authors@R field in DESCRIPTION.
Please add one, modifying
Authors@R: c(person(given = c("George", "C."),
family = "Tseng",
role = "aut",
email = "ctseng@pitt.edu"),
person(given = c("Wing", "H."),
family = "Wong",
role = "aut",
email = "whwong@stanford.edu"),
person(given = "Chi",
family = "Song",
role = "cre",
email = "song.1188@osu.edu"))
as necessary.
Flavors: r-devel-linux-x86_64-debian-clang, r-devel-linux-x86_64-debian-gcc