Last updated on 2025-10-02 04:51:20 CEST.
Flavor | Version | Tinstall | Tcheck | Ttotal | Status | Flags |
---|---|---|---|---|---|---|
r-devel-linux-x86_64-debian-clang | 0.1.7 | 2.39 | 44.07 | 46.46 | OK | |
r-devel-linux-x86_64-debian-gcc | 0.1.7 | 1.81 | 35.47 | 37.28 | OK | |
r-devel-linux-x86_64-fedora-clang | 0.1.7 | 74.33 | OK | |||
r-devel-linux-x86_64-fedora-gcc | 0.1.7 | 77.20 | OK | |||
r-devel-windows-x86_64 | 0.1.7 | 4.00 | 65.00 | 69.00 | OK | |
r-patched-linux-x86_64 | 0.1.7 | 2.20 | 43.98 | 46.18 | OK | |
r-release-linux-x86_64 | 0.1.7 | 2.55 | 43.94 | 46.49 | OK | |
r-release-macos-arm64 | 0.1.7 | 30.00 | OK | |||
r-release-macos-x86_64 | 0.1.7 | 64.00 | OK | |||
r-release-windows-x86_64 | 0.1.7 | 4.00 | 63.00 | 67.00 | OK | |
r-oldrel-macos-arm64 | 0.1.7 | 26.00 | NOTE | |||
r-oldrel-macos-x86_64 | 0.1.7 | 46.00 | NOTE | |||
r-oldrel-windows-x86_64 | 0.1.7 | 5.00 | 76.00 | 81.00 | NOTE |
Version: 0.1.7
Check: package dependencies
Result: NOTE
Package suggested but not available for checking: ‘rrelaxiv’
Flavors: r-oldrel-macos-arm64, r-oldrel-macos-x86_64, r-oldrel-windows-x86_64