Last updated on 2025-11-16 18:49:48 CET.
| Flavor | Version | Tinstall | Tcheck | Ttotal | Status | Flags |
|---|---|---|---|---|---|---|
| r-devel-linux-x86_64-debian-clang | 0.9.1 | 11.27 | 33.74 | 45.01 | NOTE | |
| r-devel-linux-x86_64-debian-gcc | 0.9.1 | 7.42 | 26.97 | 34.39 | NOTE | |
| r-devel-linux-x86_64-fedora-clang | 0.9.1 | 28.00 | 44.12 | 72.12 | OK | |
| r-devel-linux-x86_64-fedora-gcc | 0.9.1 | 36.00 | 33.15 | 69.15 | OK | |
| r-devel-windows-x86_64 | 0.9.1 | 27.00 | 76.00 | 103.00 | OK | |
| r-patched-linux-x86_64 | 0.9.1 | 11.54 | 32.33 | 43.87 | OK | |
| r-release-linux-x86_64 | 0.9.1 | 10.88 | 32.09 | 42.97 | OK | |
| r-release-macos-arm64 | 0.9.1 | 5.00 | 20.00 | 25.00 | OK | |
| r-release-macos-x86_64 | 0.9.1 | 8.00 | 34.00 | 42.00 | OK | |
| r-release-windows-x86_64 | 0.9.1 | 23.00 | 77.00 | 100.00 | OK | |
| r-oldrel-macos-arm64 | 0.9.1 | 9.00 | 21.00 | 30.00 | OK | |
| r-oldrel-macos-x86_64 | 0.9.1 | 7.00 | 45.00 | 52.00 | OK | |
| r-oldrel-windows-x86_64 | 0.9.1 | 23.00 | 89.00 | 112.00 | OK |
Version: 0.9.1
Check: CRAN incoming feasibility
Result: NOTE
Maintainer: ‘Toshihiro Umehara <toshi@niceume.com>’
The BugReports field in DESCRIPTION has
https://github.com/niceume/timeDF
which should likely be
https://github.com/niceume/timeDF/issues
instead.
Flavors: r-devel-linux-x86_64-debian-clang, r-devel-linux-x86_64-debian-gcc