CRAN Package Check Results for Package tinycodet

Last updated on 2025-11-16 00:48:48 CET.

Flavor Version Tinstall Tcheck Ttotal Status Flags
r-devel-linux-x86_64-debian-clang 0.5.8 13.58 120.11 133.69 OK
r-devel-linux-x86_64-debian-gcc 0.5.8 9.42 78.22 87.64 NOTE
r-devel-linux-x86_64-fedora-clang 0.5.8 27.00 192.28 219.28 OK
r-devel-linux-x86_64-fedora-gcc 0.5.8 39.00 176.52 215.52 OK
r-devel-windows-x86_64 0.5.8 24.00 148.00 172.00 OK
r-patched-linux-x86_64 0.5.8 15.05 114.96 130.01 OK
r-release-linux-x86_64 0.5.8 12.83 115.77 128.60 OK
r-release-macos-arm64 0.5.8 8.00 53.00 61.00 OK
r-release-macos-x86_64 0.5.8 20.00 105.00 125.00 OK
r-release-windows-x86_64 0.5.8 22.00 148.00 170.00 OK
r-oldrel-macos-arm64 0.5.8 7.00 56.00 63.00 OK
r-oldrel-macos-x86_64 0.5.8 14.00 108.00 122.00 OK
r-oldrel-windows-x86_64 0.5.8 21.00 191.00 212.00 OK

Check Details

Version: 0.5.8
Check: CRAN incoming feasibility
Result: NOTE Maintainer: ‘Tony Wilkes <tony_a_wilkes@outlook.com>’ The BugReports field in DESCRIPTION has https://github.com/tony-aw/tinycodet/issues/ which should likely be https://github.com/tony-aw/tinycodet/issues/issues instead. Flavor: r-devel-linux-x86_64-debian-gcc