Last updated on 2025-11-16 12:49:47 CET.
| Flavor | Version | Tinstall | Tcheck | Ttotal | Status | Flags |
|---|---|---|---|---|---|---|
| r-devel-linux-x86_64-debian-clang | 1.1.0 | 8.86 | 384.46 | 393.32 | WARN | |
| r-devel-linux-x86_64-debian-gcc | 1.1.0 | 8.61 | 239.45 | 248.06 | NOTE | |
| r-devel-linux-x86_64-fedora-clang | 1.1.0 | 28.00 | 564.66 | 592.66 | OK | |
| r-devel-linux-x86_64-fedora-gcc | 1.1.0 | 52.00 | 560.76 | 612.76 | OK | |
| r-devel-windows-x86_64 | 1.1.0 | 16.00 | 348.00 | 364.00 | OK | |
| r-patched-linux-x86_64 | 1.1.0 | 11.12 | 334.08 | 345.20 | WARN | |
| r-release-linux-x86_64 | 1.1.0 | 8.39 | 334.10 | 342.49 | WARN | |
| r-release-macos-arm64 | 1.1.0 | 5.00 | 141.00 | 146.00 | OK | |
| r-release-macos-x86_64 | 1.1.0 | 12.00 | 246.00 | 258.00 | OK | |
| r-release-windows-x86_64 | 1.1.0 | 14.00 | 348.00 | 362.00 | OK | |
| r-oldrel-macos-arm64 | 1.1.0 | 6.00 | 140.00 | 146.00 | OK | |
| r-oldrel-macos-x86_64 | 1.1.0 | 11.00 | 294.00 | 305.00 | OK | |
| r-oldrel-windows-x86_64 | 1.1.0 | 20.00 | 451.00 | 471.00 | OK |
Version: 1.1.0
Check: whether package can be installed
Result: WARN
Found the following significant warnings:
Warning: namespace ‘seqHMM’ is not available and has been replaced
Flavors: r-devel-linux-x86_64-debian-clang, r-patched-linux-x86_64, r-release-linux-x86_64
Version: 1.1.0
Check: CRAN incoming feasibility
Result: NOTE
Maintainer: ‘Sonsoles López-Pernas <sonsoles.lopez@uef.fi>’
The BugReports field in DESCRIPTION has
https://github.com/sonsoleslp/tna/issues/
which should likely be
https://github.com/sonsoleslp/tna/issues/issues
instead.
Flavor: r-devel-linux-x86_64-debian-gcc