Last updated on 2025-11-16 12:49:47 CET.
| Flavor | Version | Tinstall | Tcheck | Ttotal | Status | Flags |
|---|---|---|---|---|---|---|
| r-devel-linux-x86_64-debian-clang | 0.1.0 | 3.30 | 35.28 | 38.58 | NOTE | |
| r-devel-linux-x86_64-debian-gcc | 0.1.0 | 2.84 | 26.80 | 29.64 | NOTE | |
| r-devel-linux-x86_64-fedora-clang | 0.1.0 | 57.96 | NOTE | |||
| r-devel-linux-x86_64-fedora-gcc | 0.1.0 | 53.46 | NOTE | |||
| r-devel-windows-x86_64 | 0.1.0 | 5.00 | 50.00 | 55.00 | NOTE | |
| r-patched-linux-x86_64 | 0.1.0 | 3.53 | 31.51 | 35.04 | NOTE | |
| r-release-linux-x86_64 | 0.1.0 | 3.58 | 31.70 | 35.28 | NOTE | |
| r-release-macos-arm64 | 0.1.0 | 2.00 | 22.00 | 24.00 | NOTE | |
| r-release-macos-x86_64 | 0.1.0 | 3.00 | 28.00 | 31.00 | NOTE | |
| r-release-windows-x86_64 | 0.1.0 | 5.00 | 49.00 | 54.00 | NOTE | |
| r-oldrel-macos-arm64 | 0.1.0 | 2.00 | 19.00 | 21.00 | NOTE | |
| r-oldrel-macos-x86_64 | 0.1.0 | 2.00 | 27.00 | 29.00 | NOTE | |
| r-oldrel-windows-x86_64 | 0.1.0 | 7.00 | 57.00 | 64.00 | NOTE |
Version: 0.1.0
Check: Rd files
Result: NOTE
checkRd: (-1) getSegsExtra.Rd:14: Lost braces
14 | \item{data}{data.table returned from function /code{tdtr}}
| ^
Flavors: r-devel-linux-x86_64-debian-clang, r-devel-linux-x86_64-debian-gcc, r-devel-linux-x86_64-fedora-clang, r-devel-linux-x86_64-fedora-gcc, r-devel-windows-x86_64, r-patched-linux-x86_64, r-release-linux-x86_64, r-release-macos-arm64, r-release-macos-x86_64, r-release-windows-x86_64, r-oldrel-macos-arm64, r-oldrel-macos-x86_64, r-oldrel-windows-x86_64