Last updated on 2025-11-16 12:49:47 CET.
| Flavor | Version | Tinstall | Tcheck | Ttotal | Status | Flags |
|---|---|---|---|---|---|---|
| r-devel-linux-x86_64-debian-clang | 0.2.0 | 2.00 | 27.70 | 29.70 | NOTE | |
| r-devel-linux-x86_64-debian-gcc | 0.2.0 | 1.57 | 22.83 | 24.40 | NOTE | |
| r-devel-linux-x86_64-fedora-clang | 0.2.0 | 41.55 | NOTE | |||
| r-devel-linux-x86_64-fedora-gcc | 0.2.0 | 39.66 | NOTE | |||
| r-devel-windows-x86_64 | 0.2.0 | 5.00 | 53.00 | 58.00 | NOTE | |
| r-patched-linux-x86_64 | 0.2.0 | 2.34 | 25.27 | 27.61 | NOTE | |
| r-release-linux-x86_64 | 0.2.0 | 1.95 | 25.52 | 27.47 | NOTE | |
| r-release-macos-arm64 | 0.2.0 | 1.00 | 21.00 | 22.00 | NOTE | |
| r-release-macos-x86_64 | 0.2.0 | 2.00 | 31.00 | 33.00 | NOTE | |
| r-release-windows-x86_64 | 0.2.0 | 3.00 | 51.00 | 54.00 | NOTE | |
| r-oldrel-macos-arm64 | 0.2.0 | 1.00 | 18.00 | 19.00 | OK | |
| r-oldrel-macos-x86_64 | 0.2.0 | 2.00 | 26.00 | 28.00 | OK | |
| r-oldrel-windows-x86_64 | 0.2.0 | 5.00 | 56.00 | 61.00 | OK |
Version: 0.2.0
Check: DESCRIPTION meta-information
Result: NOTE
Missing dependency on R >= 4.1.0 because package code uses the pipe
|> or function shorthand \(...) syntax added in R 4.1.0.
File(s) using such syntax:
‘response_builder.R’
Flavors: r-devel-linux-x86_64-debian-clang, r-devel-linux-x86_64-debian-gcc, r-devel-linux-x86_64-fedora-clang, r-devel-linux-x86_64-fedora-gcc, r-devel-windows-x86_64, r-patched-linux-x86_64, r-release-linux-x86_64, r-release-macos-arm64, r-release-macos-x86_64, r-release-windows-x86_64