Last updated on 2025-10-24 05:51:01 CEST.
| Flavor | Version | Tinstall | Tcheck | Ttotal | Status | Flags |
|---|---|---|---|---|---|---|
| r-devel-linux-x86_64-debian-clang | 2.2.2 | 18.70 | 144.37 | 163.07 | NOTE | |
| r-devel-linux-x86_64-debian-gcc | 2.2.2 | 15.01 | 98.95 | 113.96 | OK | |
| r-devel-linux-x86_64-fedora-clang | 2.2.2 | 108.00 | 152.24 | 260.24 | OK | |
| r-devel-linux-x86_64-fedora-gcc | 2.2.2 | 39.00 | 197.28 | 236.28 | OK | |
| r-devel-windows-x86_64 | 2.2.2 | 20.00 | 324.00 | 344.00 | OK | |
| r-patched-linux-x86_64 | 2.2.2 | 18.45 | 132.65 | 151.10 | OK | |
| r-release-linux-x86_64 | 2.2.2 | 16.74 | 132.32 | 149.06 | OK | |
| r-release-macos-arm64 | 2.2.2 | 7.00 | 53.00 | 60.00 | OK | |
| r-release-macos-x86_64 | 2.2.2 | 14.00 | 96.00 | 110.00 | OK | |
| r-release-windows-x86_64 | 2.2.2 | 18.00 | 143.00 | 161.00 | OK | |
| r-oldrel-macos-arm64 | 2.2.2 | 7.00 | 45.00 | 52.00 | OK | |
| r-oldrel-macos-x86_64 | 2.2.2 | 12.00 | 88.00 | 100.00 | OK | |
| r-oldrel-windows-x86_64 | 2.2.2 | 25.00 | 185.00 | 210.00 | OK |
Version: 2.2.2
Check: HTML version of manual
Result: NOTE
Found the following HTML validation problems:
predict.glmnet.prmdt.html:63:1 (predict.glmnet.prmdt.Rd:18): Warning: missing </ul> before </div>
Flavor: r-devel-linux-x86_64-debian-clang