Last updated on 2024-07-18 06:57:39 CEST.
Flavor | Version | Tinstall | Tcheck | Ttotal | Status | Flags |
---|---|---|---|---|---|---|
r-devel-linux-x86_64-debian-clang | 1.0.2 | 4.24 | 134.00 | 138.24 | NOTE | |
r-devel-linux-x86_64-debian-gcc | 1.0.2 | 2.44 | 98.21 | 100.65 | NOTE | |
r-devel-linux-x86_64-fedora-clang | 1.0.2 | 97.45 | NOTE | |||
r-devel-linux-x86_64-fedora-gcc | 1.0.2 | 107.89 | NOTE | |||
r-devel-windows-x86_64 | 1.0.2 | 5.00 | 110.00 | 115.00 | NOTE | |
r-patched-linux-x86_64 | 1.0.2 | 3.51 | 129.77 | 133.28 | NOTE | |
r-release-linux-x86_64 | 1.0.2 | 3.82 | 127.43 | 131.25 | NOTE | |
r-release-macos-arm64 | 1.0.2 | 52.00 | NOTE | |||
r-release-macos-x86_64 | 1.0.2 | 111.00 | NOTE | |||
r-release-windows-x86_64 | 1.0.2 | 4.00 | 111.00 | 115.00 | NOTE | |
r-oldrel-macos-arm64 | 1.0.2 | 54.00 | NOTE | |||
r-oldrel-macos-x86_64 | 1.0.2 | 144.00 | NOTE | |||
r-oldrel-windows-x86_64 | 1.0.2 | 6.00 | 142.00 | 148.00 | NOTE |
Version: 1.0.2
Check: package dependencies
Result: NOTE
Packages which this enhances but not available for checking:
'xrnet', 'fwelnet'
Flavors: r-devel-linux-x86_64-debian-clang, r-patched-linux-x86_64, r-release-linux-x86_64
Version: 1.0.2
Check: package dependencies
Result: NOTE
Package which this enhances but not available for checking: ‘fwelnet’
Flavors: r-devel-linux-x86_64-debian-gcc, r-devel-linux-x86_64-fedora-clang, r-devel-linux-x86_64-fedora-gcc, r-release-macos-arm64, r-release-macos-x86_64, r-oldrel-macos-arm64, r-oldrel-macos-x86_64
Version: 1.0.2
Check: package dependencies
Result: NOTE
Packages which this enhances but not available for checking:
'fwelnet', 'doMC'
Flavors: r-devel-windows-x86_64, r-release-windows-x86_64, r-oldrel-windows-x86_64