CRAN Package Check Results for Package triangulation

Last updated on 2025-04-29 13:51:43 CEST.

Flavor Version Tinstall Tcheck Ttotal Status Flags
r-devel-linux-x86_64-debian-clang 0.5.0 2.02 18.04 20.06 OK
r-devel-linux-x86_64-debian-gcc 0.5.0 1.56 14.24 15.80 OK
r-devel-linux-x86_64-fedora-clang 0.5.0 31.56 OK
r-devel-linux-x86_64-fedora-gcc 0.5.0 28.96 OK
r-devel-windows-x86_64 0.5.0 4.00 37.00 41.00 OK
r-patched-linux-x86_64 0.5.0 2.06 17.42 19.48 OK
r-release-linux-x86_64 0.5.0 1.92 17.12 19.04 OK
r-release-macos-arm64 0.5.0 15.00 OK
r-release-macos-x86_64 0.5.0 22.00 OK
r-release-windows-x86_64 0.5.0 3.00 39.00 42.00 OK
r-oldrel-macos-arm64 0.5.0 12.00 NOTE
r-oldrel-macos-x86_64 0.5.0 19.00 NOTE
r-oldrel-windows-x86_64 0.5.0 3.00 36.00 39.00 NOTE

Check Details

Version: 0.5.0
Check: LazyData
Result: NOTE 'LazyData' is specified without a 'data' directory Flavors: r-oldrel-macos-arm64, r-oldrel-macos-x86_64, r-oldrel-windows-x86_64