CRAN Package Check Results for Package tropAlgebra

Last updated on 2025-04-29 13:51:43 CEST.

Flavor Version Tinstall Tcheck Ttotal Status Flags
r-devel-linux-x86_64-debian-clang 0.1.1 2.03 18.49 20.52 OK
r-devel-linux-x86_64-debian-gcc 0.1.1 1.58 14.72 16.30 OK
r-devel-linux-x86_64-fedora-clang 0.1.1 31.27 OK
r-devel-linux-x86_64-fedora-gcc 0.1.1 29.68 OK
r-devel-windows-x86_64 0.1.1 4.00 44.00 48.00 OK
r-patched-linux-x86_64 0.1.1 2.07 17.68 19.75 OK
r-release-linux-x86_64 0.1.1 2.07 17.37 19.44 OK
r-release-macos-arm64 0.1.1 14.00 OK
r-release-macos-x86_64 0.1.1 25.00 OK
r-release-windows-x86_64 0.1.1 3.00 40.00 43.00 OK
r-oldrel-macos-arm64 0.1.1 13.00 NOTE
r-oldrel-macos-x86_64 0.1.1 20.00 NOTE
r-oldrel-windows-x86_64 0.1.1 3.00 38.00 41.00 NOTE

Check Details

Version: 0.1.1
Check: LazyData
Result: NOTE 'LazyData' is specified without a 'data' directory Flavors: r-oldrel-macos-arm64, r-oldrel-macos-x86_64, r-oldrel-windows-x86_64