Last updated on 2024-06-27 10:49:44 CEST.
Flavor | Version | Tinstall | Tcheck | Ttotal | Status | Flags |
---|---|---|---|---|---|---|
r-devel-linux-x86_64-debian-clang | 1.0.2 | OK | ||||
r-devel-linux-x86_64-debian-gcc | 1.0.2 | 495.44 | 212.08 | 707.52 | OK | |
r-devel-linux-x86_64-fedora-clang | 1.0.2 | 1052.32 | NOTE | |||
r-devel-linux-x86_64-fedora-gcc | 1.0.2 | 1487.26 | OK | |||
r-devel-windows-x86_64 | 1.0.2 | 391.00 | 293.00 | 684.00 | NOTE | |
r-patched-linux-x86_64 | 1.0.2 | 0.01 | 2.76 | 2.77 | ERROR | |
r-release-linux-x86_64 | 1.0.2 | 424.95 | 284.80 | 709.75 | OK | |
r-release-macos-arm64 | 1.0.2 | 346.00 | NOTE | |||
r-release-macos-x86_64 | 1.0.2 | 513.00 | NOTE | |||
r-release-windows-x86_64 | 1.0.2 | 388.00 | 304.00 | 692.00 | NOTE | |
r-oldrel-macos-arm64 | 1.0.2 | 328.00 | NOTE | |||
r-oldrel-macos-x86_64 | 1.0.2 | 574.00 | NOTE | |||
r-oldrel-windows-x86_64 | 1.0.2 | 508.00 | 370.00 | 878.00 | NOTE |
Version: 1.0.2
Check: installed package size
Result: NOTE
installed size is 12.2Mb
sub-directories of 1Mb or more:
libs 11.1Mb
Flavors: r-devel-linux-x86_64-fedora-clang, r-devel-windows-x86_64, r-release-macos-arm64, r-release-macos-x86_64, r-release-windows-x86_64, r-oldrel-macos-arm64, r-oldrel-macos-x86_64, r-oldrel-windows-x86_64
Version: 1.0.2
Check: whether package can be installed
Result: ERROR
Installation failed.
Flavor: r-patched-linux-x86_64