CRAN Package Check Results for Package tsne

Last updated on 2025-11-16 18:49:48 CET.

Flavor Version Tinstall Tcheck Ttotal Status Flags
r-devel-linux-x86_64-debian-clang 0.1-3.1 1.49 18.53 20.02 NOTE
r-devel-linux-x86_64-debian-gcc 0.1-3.1 1.43 15.31 16.74 NOTE
r-devel-linux-x86_64-fedora-clang 0.1-3.1 29.85 OK
r-devel-linux-x86_64-fedora-gcc 0.1-3.1 28.83 OK
r-devel-windows-x86_64 0.1-3.1 3.00 32.00 35.00 OK
r-patched-linux-x86_64 0.1-3.1 1.60 17.40 19.00 OK
r-release-linux-x86_64 0.1-3.1 1.50 17.50 19.00 OK
r-release-macos-arm64 0.1-3.1 1.00 14.00 15.00 OK
r-release-macos-x86_64 0.1-3.1 2.00 20.00 22.00 OK
r-release-windows-x86_64 0.1-3.1 3.00 40.00 43.00 OK
r-oldrel-macos-arm64 0.1-3.1 1.00 14.00 15.00 OK
r-oldrel-macos-x86_64 0.1-3.1 1.00 18.00 19.00 OK
r-oldrel-windows-x86_64 0.1-3.1 3.00 36.00 39.00 OK

Check Details

Version: 0.1-3.1
Check: CRAN incoming feasibility
Result: NOTE Maintainer: ‘Justin Donaldson <jdonaldson@gmail.com>’ No Authors@R field in DESCRIPTION. Please add one, modifying Authors@R: person(given = "Justin", family = "Donaldson", role = c("aut", "cre"), email = "jdonaldson@gmail.com") as necessary. Flavors: r-devel-linux-x86_64-debian-clang, r-devel-linux-x86_64-debian-gcc