Last updated on 2025-11-16 18:49:48 CET.
| Flavor | Version | Tinstall | Tcheck | Ttotal | Status | Flags |
|---|---|---|---|---|---|---|
| r-devel-linux-x86_64-debian-clang | 2.3.5 | 10.26 | 34.94 | 45.20 | NOTE | |
| r-devel-linux-x86_64-debian-gcc | 2.3.5 | 5.67 | 26.59 | 32.26 | NOTE | |
| r-devel-linux-x86_64-fedora-clang | 2.3.5 | 20.00 | 50.43 | 70.43 | NOTE | |
| r-devel-linux-x86_64-fedora-gcc | 2.3.5 | 17.00 | 47.73 | 64.73 | NOTE | |
| r-devel-windows-x86_64 | 2.3.5 | 14.00 | 52.00 | 66.00 | NOTE | |
| r-patched-linux-x86_64 | 2.3.5 | 7.68 | 33.03 | 40.71 | NOTE | |
| r-release-linux-x86_64 | 2.3.5 | 8.27 | 32.94 | 41.21 | NOTE | |
| r-release-macos-arm64 | 2.3.5 | 5.00 | 18.00 | 23.00 | NOTE | |
| r-release-macos-x86_64 | 2.3.5 | 11.00 | 30.00 | 41.00 | NOTE | |
| r-release-windows-x86_64 | 2.3.5 | 13.00 | 53.00 | 66.00 | NOTE | |
| r-oldrel-macos-arm64 | 2.3.5 | 5.00 | 21.00 | 26.00 | NOTE | |
| r-oldrel-macos-x86_64 | 2.3.5 | 7.00 | 25.00 | 32.00 | NOTE | |
| r-oldrel-windows-x86_64 | 2.3.5 | 17.00 | 62.00 | 79.00 | NOTE |
Version: 2.3.5
Check: CRAN incoming feasibility
Result: NOTE
Maintainer: ‘Peter K. Dunn <pdunn2@usc.edu.au>’
Package CITATION file contains call(s) to old-style citEntry(). Please
use bibentry() instead.
Flavors: r-devel-linux-x86_64-debian-clang, r-devel-linux-x86_64-debian-gcc
Version: 2.3.5
Check: Rd files
Result: NOTE
checkRd: (-1) tweedie-internal.Rd:74: Lost braces
74 | doi{10.1093/biomet/74.2.221}
| ^
Flavors: r-devel-linux-x86_64-debian-clang, r-devel-linux-x86_64-debian-gcc, r-devel-linux-x86_64-fedora-clang, r-devel-linux-x86_64-fedora-gcc, r-devel-windows-x86_64, r-patched-linux-x86_64, r-release-linux-x86_64, r-release-macos-arm64, r-release-macos-x86_64, r-release-windows-x86_64, r-oldrel-macos-arm64, r-oldrel-macos-x86_64, r-oldrel-windows-x86_64