Last updated on 2025-10-23 23:49:50 CEST.
| Flavor | Version | Tinstall | Tcheck | Ttotal | Status | Flags |
|---|---|---|---|---|---|---|
| r-devel-linux-x86_64-debian-clang | 2.0.3 | 31.00 | 41.78 | 72.78 | NOTE | |
| r-devel-linux-x86_64-debian-gcc | 2.0.3 | 24.46 | 32.03 | 56.49 | OK | |
| r-devel-linux-x86_64-fedora-clang | 2.0.3 | 115.00 | 12.81 | 127.81 | OK | |
| r-devel-linux-x86_64-fedora-gcc | 2.0.3 | 70.00 | 56.09 | 126.09 | OK | |
| r-devel-windows-x86_64 | 2.0.3 | 40.00 | 70.00 | 110.00 | OK | |
| r-patched-linux-x86_64 | 2.0.3 | 34.13 | 38.24 | 72.37 | OK | |
| r-release-linux-x86_64 | 2.0.3 | 34.83 | 38.57 | 73.40 | OK | |
| r-release-macos-arm64 | 2.0.3 | 11.00 | 23.00 | 34.00 | OK | |
| r-release-macos-x86_64 | 2.0.3 | 19.00 | 65.00 | 84.00 | OK | |
| r-release-windows-x86_64 | 2.0.3 | 42.00 | 77.00 | 119.00 | OK | |
| r-oldrel-macos-arm64 | 2.0.3 | 11.00 | 21.00 | 32.00 | OK | |
| r-oldrel-macos-x86_64 | 2.0.3 | 12.00 | 32.00 | 44.00 | OK | |
| r-oldrel-windows-x86_64 | 2.0.3 | 49.00 | 85.00 | 134.00 | OK |
Version: 2.0.3
Check: HTML version of manual
Result: NOTE
Found the following HTML validation problems:
interpolate_custom_at.html:54:1 (interpolate_custom_at.Rd:14): Warning: missing </ul> before </div>
vec_tween_class.html:46:1 (vec_tween_class.Rd:10): Warning: missing </ul> before </div>
Flavor: r-devel-linux-x86_64-debian-clang