Last updated on 2025-10-24 18:50:12 CEST.
| Flavor | Version | Tinstall | Tcheck | Ttotal | Status | Flags |
|---|---|---|---|---|---|---|
| r-devel-linux-x86_64-debian-clang | 1.0.0 | 49.11 | 24.41 | 73.52 | OK | |
| r-devel-linux-x86_64-debian-gcc | 1.0.0 | 35.53 | 22.87 | 58.40 | OK | |
| r-devel-linux-x86_64-fedora-clang | 1.0.0 | 193.00 | -71.56 | 121.44 | OK | |
| r-devel-linux-x86_64-fedora-gcc | 1.0.0 | 91.00 | 39.17 | 130.17 | OK | |
| r-devel-windows-x86_64 | 1.0.0 | 49.00 | 66.00 | 115.00 | OK | |
| r-patched-linux-x86_64 | 1.0.0 | 51.74 | 27.42 | 79.16 | OK | |
| r-release-linux-x86_64 | 1.0.0 | 52.41 | 27.37 | 79.78 | OK | |
| r-release-macos-arm64 | 1.0.0 | 19.00 | 18.00 | 37.00 | OK | |
| r-release-macos-x86_64 | 1.0.0 | 30.00 | 25.00 | 55.00 | OK | |
| r-release-windows-x86_64 | 1.0.0 | 50.00 | 66.00 | 116.00 | OK | |
| r-oldrel-macos-arm64 | 1.0.0 | 21.00 | 17.00 | 38.00 | NOTE | |
| r-oldrel-macos-x86_64 | 1.0.0 | 38.00 | 35.00 | 73.00 | NOTE | |
| r-oldrel-windows-x86_64 | 1.0.0 | 59.00 | 82.00 | 141.00 | OK |
Version: 1.0.0
Check: installed package size
Result: NOTE
installed size is 19.2Mb
sub-directories of 1Mb or more:
libs 19.1Mb
Flavors: r-oldrel-macos-arm64, r-oldrel-macos-x86_64