CRAN Package Check Results for Package twoway

Last updated on 2025-11-16 00:48:49 CET.

Flavor Version Tinstall Tcheck Ttotal Status Flags
r-devel-linux-x86_64-debian-clang 0.6.3 2.12 23.31 25.43 NOTE
r-devel-linux-x86_64-debian-gcc 0.6.3 1.55 19.29 20.84 NOTE
r-devel-linux-x86_64-fedora-clang 0.6.3 37.28 NOTE
r-devel-linux-x86_64-fedora-gcc 0.6.3 36.36 NOTE
r-devel-windows-x86_64 0.6.3 4.00 43.00 47.00 NOTE
r-patched-linux-x86_64 0.6.3 2.37 22.04 24.41 NOTE
r-release-linux-x86_64 0.6.3 2.09 22.11 24.20 NOTE
r-release-macos-arm64 0.6.3 1.00 15.00 16.00 NOTE
r-release-macos-x86_64 0.6.3 2.00 23.00 25.00 NOTE
r-release-windows-x86_64 0.6.3 4.00 44.00 48.00 NOTE
r-oldrel-macos-arm64 0.6.3 1.00 14.00 15.00 NOTE
r-oldrel-macos-x86_64 0.6.3 2.00 20.00 22.00 NOTE
r-oldrel-windows-x86_64 0.6.3 5.00 50.00 55.00 NOTE

Check Details

Version: 0.6.3
Check: Rd files
Result: NOTE checkRd: (-1) twoway.Rd:66: Lost braces 66 | code{\link{twoway.formula}}, code{\link[stats]{medpolish}} | ^ checkRd: (-1) twoway.Rd:66: Lost braces 66 | code{\link{twoway.formula}}, code{\link[stats]{medpolish}} | ^ Flavors: r-devel-linux-x86_64-debian-clang, r-devel-linux-x86_64-debian-gcc, r-devel-linux-x86_64-fedora-clang, r-devel-linux-x86_64-fedora-gcc, r-devel-windows-x86_64, r-patched-linux-x86_64, r-release-linux-x86_64, r-release-macos-arm64, r-release-macos-x86_64, r-release-windows-x86_64, r-oldrel-macos-arm64, r-oldrel-macos-x86_64, r-oldrel-windows-x86_64