Last updated on 2025-04-29 13:51:44 CEST.
Flavor | Version | Tinstall | Tcheck | Ttotal | Status | Flags |
---|---|---|---|---|---|---|
r-devel-linux-x86_64-debian-clang | 0.1.5 | 1.67 | 17.11 | 18.78 | NOTE | |
r-devel-linux-x86_64-debian-gcc | 0.1.5 | 1.55 | 14.02 | 15.57 | NOTE | |
r-devel-linux-x86_64-fedora-clang | 0.1.5 | 29.49 | OK | |||
r-devel-linux-x86_64-fedora-gcc | 0.1.5 | 28.05 | OK | |||
r-devel-windows-x86_64 | 0.1.5 | 2.00 | 42.00 | 44.00 | OK | |
r-patched-linux-x86_64 | 0.1.5 | 1.79 | 16.35 | 18.14 | OK | |
r-release-linux-x86_64 | 0.1.5 | 1.75 | 16.39 | 18.14 | OK | |
r-release-macos-arm64 | 0.1.5 | 24.00 | OK | |||
r-release-macos-x86_64 | 0.1.5 | 26.00 | OK | |||
r-release-windows-x86_64 | 0.1.5 | 2.00 | 43.00 | 45.00 | OK | |
r-oldrel-macos-arm64 | 0.1.5 | 16.00 | OK | |||
r-oldrel-macos-x86_64 | 0.1.5 | 23.00 | OK | |||
r-oldrel-windows-x86_64 | 0.1.5 | 3.00 | 41.00 | 44.00 | OK |
Version: 0.1.5
Check: CRAN incoming feasibility
Result: NOTE
Maintainer: ‘Sebastien Thonnard <sebastien.thonnard@icloud.com>’
No Authors@R field in DESCRIPTION.
Please add one, modifying
Authors@R: person(given = "Sebastien",
family = "Thonnard",
role = c("aut", "cre"),
email = "sebastien.thonnard@icloud.com")
as necessary.
Flavors: r-devel-linux-x86_64-debian-clang, r-devel-linux-x86_64-debian-gcc
Version: 0.1.5
Check: examples
Result: NOTE
Examples with CPU (user + system) or elapsed time > 5s
user system elapsed
get_last_published_tz 0.11 0.013 6.07
Flavor: r-devel-linux-x86_64-debian-clang