Last updated on 2025-04-29 13:51:44 CEST.
Flavor | Version | Tinstall | Tcheck | Ttotal | Status | Flags |
---|---|---|---|---|---|---|
r-devel-linux-x86_64-debian-clang | 0.13.2.1 | 4.62 | 19.28 | 23.90 | NOTE | |
r-devel-linux-x86_64-debian-gcc | 0.13.2.1 | 3.84 | 16.17 | 20.01 | NOTE | |
r-devel-linux-x86_64-fedora-clang | 0.13.2.1 | 37.67 | NOTE | |||
r-devel-linux-x86_64-fedora-gcc | 0.13.2.1 | 36.05 | NOTE | |||
r-devel-windows-x86_64 | 0.13.2.1 | 5.00 | 42.00 | 47.00 | OK | |
r-patched-linux-x86_64 | 0.13.2.1 | 4.01 | 18.53 | 22.54 | NOTE | |
r-release-linux-x86_64 | 0.13.2.1 | 4.00 | 18.71 | 22.71 | NOTE | |
r-release-macos-arm64 | 0.13.2.1 | 23.00 | OK | |||
r-release-macos-x86_64 | 0.13.2.1 | 35.00 | OK | |||
r-release-windows-x86_64 | 0.13.2.1 | 5.00 | 46.00 | 51.00 | OK | |
r-oldrel-macos-arm64 | 0.13.2.1 | 20.00 | OK | |||
r-oldrel-macos-x86_64 | 0.13.2.1 | 28.00 | OK | |||
r-oldrel-windows-x86_64 | 0.13.2.1 | 5.00 | 41.00 | 46.00 | OK |
Version: 0.13.2.1
Check: DESCRIPTION meta-information
Result: NOTE
Maintainer field differs from that derived from Authors@R
Maintainer: ‘ORPHANED’
Authors@R: ‘James Hiebert <hiebert@uvic.ca>’
Flavors: r-devel-linux-x86_64-debian-clang, r-devel-linux-x86_64-debian-gcc
Version: 0.13.2.1
Check: top-level files
Result: NOTE
possible bashism in configure.ac line 34 (should be 'b = a'):
dnl if test "${ac_cv_lib_expat_XML_ParserCreate}" == yes; then
Flavors: r-devel-linux-x86_64-debian-clang, r-devel-linux-x86_64-debian-gcc, r-devel-linux-x86_64-fedora-clang, r-devel-linux-x86_64-fedora-gcc, r-patched-linux-x86_64, r-release-linux-x86_64