CRAN Package Check Results for Package uniformly

Last updated on 2025-11-16 00:48:49 CET.

Flavor Version Tinstall Tcheck Ttotal Status Flags
r-devel-linux-x86_64-debian-clang 0.5.0 4.19 40.97 45.16 NOTE
r-devel-linux-x86_64-debian-gcc 0.5.0 3.05 33.15 36.20 NOTE
r-devel-linux-x86_64-fedora-clang 0.5.0 69.05 OK
r-devel-linux-x86_64-fedora-gcc 0.5.0 80.46 OK
r-devel-windows-x86_64 0.5.0 10.00 63.00 73.00 OK
r-patched-linux-x86_64 0.5.0 4.30 39.13 43.43 OK
r-release-linux-x86_64 0.5.0 4.06 38.90 42.96 OK
r-release-macos-arm64 0.5.0 3.00 62.00 65.00 OK
r-release-macos-x86_64 0.5.0 3.00 52.00 55.00 OK
r-release-windows-x86_64 0.5.0 8.00 62.00 70.00 OK
r-oldrel-macos-arm64 0.5.0 2.00 26.00 28.00 OK
r-oldrel-macos-x86_64 0.5.0 3.00 40.00 43.00 OK
r-oldrel-windows-x86_64 0.5.0 8.00 72.00 80.00 OK

Check Details

Version: 0.5.0
Check: CRAN incoming feasibility
Result: NOTE Maintainer: ‘Stéphane Laurent <laurent_step@outlook.fr>’ No Authors@R field in DESCRIPTION. Please add one, modifying Authors@R: person(given = "Stéphane", family = "Laurent", role = c("aut", "cre"), email = "laurent_step@outlook.fr") as necessary. Flavors: r-devel-linux-x86_64-debian-clang, r-devel-linux-x86_64-debian-gcc