CRAN Package Check Results for Package usfertilizer

Last updated on 2025-11-16 00:48:49 CET.

Flavor Version Tinstall Tcheck Ttotal Status Flags
r-devel-linux-x86_64-debian-clang 0.1.5 1.48 49.29 50.77 OK
r-devel-linux-x86_64-debian-gcc 0.1.5 1.54 37.10 38.64 OK
r-devel-linux-x86_64-fedora-clang 0.1.5 74.22 NOTE
r-devel-linux-x86_64-fedora-gcc 0.1.5 85.39 NOTE
r-devel-windows-x86_64 0.1.5 6.00 62.00 68.00 OK
r-patched-linux-x86_64 0.1.5 1.28 49.14 50.42 OK
r-release-linux-x86_64 0.1.5 1.65 48.43 50.08 OK
r-release-macos-arm64 0.1.5 1.00 34.00 35.00 OK
r-release-macos-x86_64 0.1.5 2.00 68.00 70.00 OK
r-release-windows-x86_64 0.1.5 4.00 61.00 65.00 OK
r-oldrel-macos-arm64 0.1.5 1.00 38.00 39.00 OK
r-oldrel-macos-x86_64 0.1.5 2.00 50.00 52.00 OK
r-oldrel-windows-x86_64 0.1.5 6.00 73.00 79.00 OK

Check Details

Version: 0.1.5
Check: dependencies in R code
Result: NOTE Namespace in Imports field not imported from: ‘tidyverse’ All declared Imports should be used. Flavors: r-devel-linux-x86_64-fedora-clang, r-devel-linux-x86_64-fedora-gcc