Last updated on 2024-06-27 16:49:18 CEST.
Flavor | Version | Tinstall | Tcheck | Ttotal | Status | Flags |
---|---|---|---|---|---|---|
r-devel-linux-x86_64-debian-clang | 3.0.3 | OK | ||||
r-devel-linux-x86_64-debian-gcc | 3.0.3 | 2.37 | 50.54 | 52.91 | OK | |
r-devel-linux-x86_64-fedora-clang | 3.0.3 | 88.58 | OK | |||
r-devel-linux-x86_64-fedora-gcc | 3.0.3 | 97.20 | OK | |||
r-devel-windows-x86_64 | 3.0.3 | 3.00 | 95.00 | 98.00 | OK | |
r-patched-linux-x86_64 | 3.0.3 | 4.76 | 62.69 | 67.45 | OK | |
r-release-linux-x86_64 | 3.0.3 | 3.49 | 64.16 | 67.65 | OK | |
r-release-macos-arm64 | 3.0.3 | 36.00 | OK | |||
r-release-macos-x86_64 | 3.0.3 | 53.00 | WARN | |||
r-release-windows-x86_64 | 3.0.3 | 5.00 | 96.00 | 101.00 | OK | |
r-oldrel-macos-arm64 | 3.0.3 | 40.00 | OK | |||
r-oldrel-macos-x86_64 | 3.0.3 | 83.00 | OK | |||
r-oldrel-windows-x86_64 | 3.0.3 | 4.00 | 102.00 | 106.00 | OK |
Version: 3.0.3
Check: re-building of vignette outputs
Result: WARN
Error(s) in re-building vignettes:
...
--- re-building ‘usl.Rnw’ using knitr
Error: processing vignette 'usl.Rnw' failed with diagnostics:
Running 'texi2dvi' on 'usl.tex' failed.
LaTeX errors:
! Undefined control sequence.
l.260 \hldef
{R> }\hlkwd{library}\hldef{(usl)}
?
! Emergency stop.
! Emergency stop.
l.260
End of file on the terminal!
! ==> Fatal error occurred, no output PDF file produced!
--- failed re-building ‘usl.Rnw’
SUMMARY: processing the following file failed:
‘usl.Rnw’
Error: Vignette re-building failed.
Execution halted
Flavor: r-release-macos-x86_64