CRAN Package Check Results for Package utilsIPEA

Last updated on 2025-04-29 13:51:44 CEST.

Flavor Version Tinstall Tcheck Ttotal Status Flags
r-devel-linux-x86_64-debian-clang 0.0.6 4.16 37.12 41.28 OK
r-devel-linux-x86_64-debian-gcc 0.0.6 2.79 26.78 29.57 OK
r-devel-linux-x86_64-fedora-clang 0.0.6 63.36 NOTE
r-devel-linux-x86_64-fedora-gcc 0.0.6 59.67 NOTE
r-devel-windows-x86_64 0.0.6 5.00 53.00 58.00 OK
r-patched-linux-x86_64 0.0.6 3.57 33.98 37.55 OK
r-release-linux-x86_64 0.0.6 4.03 33.88 37.91 OK
r-release-macos-arm64 0.0.6 24.00 OK
r-release-macos-x86_64 0.0.6 40.00 OK
r-release-windows-x86_64 0.0.6 7.00 56.00 63.00 OK
r-oldrel-macos-arm64 0.0.6 23.00 OK
r-oldrel-macos-x86_64 0.0.6 33.00 OK
r-oldrel-windows-x86_64 0.0.6 8.00 59.00 67.00 OK

Check Details

Version: 0.0.6
Check: dependencies in R code
Result: NOTE Namespaces in Imports field not imported from: ‘RCurl’ ‘stringdist’ ‘utils’ All declared Imports should be used. Flavors: r-devel-linux-x86_64-fedora-clang, r-devel-linux-x86_64-fedora-gcc