Last updated on 2024-06-27 16:49:18 CEST.
Flavor | Version | Tinstall | Tcheck | Ttotal | Status | Flags |
---|---|---|---|---|---|---|
r-devel-linux-x86_64-debian-clang | 0.0.6 | OK | ||||
r-devel-linux-x86_64-debian-gcc | 0.0.6 | 4.32 | 35.80 | 40.12 | OK | |
r-devel-linux-x86_64-fedora-clang | 0.0.6 | 68.69 | NOTE | |||
r-devel-linux-x86_64-fedora-gcc | 0.0.6 | 61.29 | NOTE | |||
r-devel-windows-x86_64 | 0.0.6 | 6.00 | 54.00 | 60.00 | OK | |
r-patched-linux-x86_64 | 0.0.6 | 5.43 | 44.54 | 49.97 | OK | |
r-release-linux-x86_64 | 0.0.6 | 4.66 | 45.44 | 50.10 | OK | |
r-release-macos-arm64 | 0.0.6 | 23.00 | OK | |||
r-release-macos-x86_64 | 0.0.6 | 33.00 | OK | |||
r-release-windows-x86_64 | 0.0.6 | 8.00 | 55.00 | 63.00 | OK | |
r-oldrel-macos-arm64 | 0.0.6 | 24.00 | OK | |||
r-oldrel-macos-x86_64 | 0.0.6 | 34.00 | OK | |||
r-oldrel-windows-x86_64 | 0.0.6 | 8.00 | 62.00 | 70.00 | OK |
Version: 0.0.6
Check: dependencies in R code
Result: NOTE
Namespaces in Imports field not imported from:
‘RCurl’ ‘stringdist’ ‘utils’
All declared Imports should be used.
Flavors: r-devel-linux-x86_64-fedora-clang, r-devel-linux-x86_64-fedora-gcc