CRAN Package Check Results for Package uwedragon

Last updated on 2025-04-29 13:51:44 CEST.

Flavor Version Tinstall Tcheck Ttotal Status Flags
r-devel-linux-x86_64-debian-clang 0.1.0 1.70 16.83 18.53 NOTE
r-devel-linux-x86_64-debian-gcc 0.1.0 1.32 13.76 15.08 NOTE
r-devel-linux-x86_64-fedora-clang 0.1.0 29.18 OK
r-devel-linux-x86_64-fedora-gcc 0.1.0 28.05 OK
r-devel-windows-x86_64 0.1.0 3.00 38.00 41.00 OK
r-patched-linux-x86_64 0.1.0 1.75 16.19 17.94 OK
r-release-linux-x86_64 0.1.0 1.58 16.28 17.86 OK
r-release-macos-arm64 0.1.0 15.00 OK
r-release-macos-x86_64 0.1.0 21.00 OK
r-release-windows-x86_64 0.1.0 4.00 39.00 43.00 OK
r-oldrel-macos-arm64 0.1.0 14.00 OK
r-oldrel-macos-x86_64 0.1.0 19.00 OK
r-oldrel-windows-x86_64 0.1.0 2.00 39.00 41.00 OK

Check Details

Version: 0.1.0
Check: CRAN incoming feasibility
Result: NOTE Maintainer: ‘Ben Derrick <ben.derrick@uwe.ac.uk>’ No Authors@R field in DESCRIPTION. Please add one, modifying Authors@R: person(given = "Ben", family = "Derrick", role = c("aut", "cre"), email = "ben.derrick@uwe.ac.uk") as necessary. Flavors: r-devel-linux-x86_64-debian-clang, r-devel-linux-x86_64-debian-gcc