Last updated on 2024-06-27 16:49:18 CEST.
Flavor | Version | Tinstall | Tcheck | Ttotal | Status | Flags |
---|---|---|---|---|---|---|
r-devel-linux-x86_64-debian-clang | 1.2.1 | OK | ||||
r-devel-linux-x86_64-debian-gcc | 1.2.1 | 7.80 | 70.87 | 78.67 | OK | |
r-devel-linux-x86_64-fedora-clang | 1.2.1 | 130.17 | NOTE | |||
r-devel-linux-x86_64-fedora-gcc | 1.2.1 | 122.59 | NOTE | |||
r-devel-windows-x86_64 | 1.2.1 | 11.00 | 90.00 | 101.00 | OK | |
r-patched-linux-x86_64 | 1.2.1 | 7.83 | 89.62 | 97.45 | OK | |
r-release-linux-x86_64 | 1.2.1 | 10.31 | 91.37 | 101.68 | OK | |
r-release-macos-arm64 | 1.2.1 | 41.00 | OK | |||
r-release-macos-x86_64 | 1.2.1 | 57.00 | OK | |||
r-release-windows-x86_64 | 1.2.1 | 11.00 | 93.00 | 104.00 | OK | |
r-oldrel-macos-arm64 | 1.2.1 | 45.00 | OK | |||
r-oldrel-macos-x86_64 | 1.2.1 | 70.00 | OK | |||
r-oldrel-windows-x86_64 | 1.2.1 | 13.00 | 110.00 | 123.00 | OK |
Version: 1.2.1
Check: dependencies in R code
Result: NOTE
Namespaces in Imports field not imported from:
‘DT’ ‘maps’ ‘readr’
All declared Imports should be used.
Flavors: r-devel-linux-x86_64-fedora-clang, r-devel-linux-x86_64-fedora-gcc