Last updated on 2025-05-19 14:49:46 CEST.
Flavor | Version | Tinstall | Tcheck | Ttotal | Status | Flags |
---|---|---|---|---|---|---|
r-devel-linux-x86_64-debian-clang | 2.0.1 | 9.32 | 85.17 | 94.49 | OK | |
r-devel-linux-x86_64-debian-gcc | 2.0.1 | 5.56 | 61.29 | 66.85 | OK | |
r-devel-linux-x86_64-fedora-clang | 2.0.1 | 153.64 | NOTE | |||
r-devel-linux-x86_64-fedora-gcc | 2.0.1 | 139.24 | NOTE | |||
r-devel-windows-x86_64 | 2.0.1 | 11.00 | 110.00 | 121.00 | OK | |
r-patched-linux-x86_64 | 2.0.1 | 9.09 | 81.22 | 90.31 | OK | |
r-release-linux-x86_64 | 2.0.1 | 8.20 | 80.17 | 88.37 | OK | |
r-release-macos-arm64 | 2.0.1 | 43.00 | OK | |||
r-release-macos-x86_64 | 2.0.1 | 72.00 | OK | |||
r-release-windows-x86_64 | 2.0.1 | 11.00 | 106.00 | 117.00 | OK | |
r-oldrel-macos-arm64 | 2.0.1 | 40.00 | OK | |||
r-oldrel-macos-x86_64 | 2.0.1 | 54.00 | OK | |||
r-oldrel-windows-x86_64 | 2.0.1 | 15.00 | 120.00 | 135.00 | OK |
Version: 2.0.1
Check: dependencies in R code
Result: NOTE
Namespace in Imports field not imported from: ‘maps’
All declared Imports should be used.
Flavors: r-devel-linux-x86_64-fedora-clang, r-devel-linux-x86_64-fedora-gcc