Last updated on 2025-05-17 07:50:37 CEST.
Flavor | Version | Tinstall | Tcheck | Ttotal | Status | Flags |
---|---|---|---|---|---|---|
r-devel-linux-x86_64-debian-clang | 0.1.0 | 2.96 | 36.02 | 38.98 | OK | |
r-devel-linux-x86_64-debian-gcc | 0.1.0 | 1.95 | 28.75 | 30.70 | OK | |
r-devel-linux-x86_64-fedora-clang | 0.1.0 | 64.57 | NOTE | |||
r-devel-linux-x86_64-fedora-gcc | 0.1.0 | 70.47 | NOTE | |||
r-devel-windows-x86_64 | 0.1.0 | 5.00 | 57.00 | 62.00 | OK | |
r-patched-linux-x86_64 | 0.1.0 | 3.17 | 33.13 | 36.30 | OK | |
r-release-linux-x86_64 | 0.1.0 | 2.75 | 33.08 | 35.83 | OK | |
r-release-macos-arm64 | 0.1.0 | 31.00 | OK | |||
r-release-macos-x86_64 | 0.1.0 | 61.00 | OK | |||
r-release-windows-x86_64 | 0.1.0 | 5.00 | 59.00 | 64.00 | OK | |
r-oldrel-macos-arm64 | 0.1.0 | 28.00 | OK | |||
r-oldrel-macos-x86_64 | 0.1.0 | 40.00 | OK | |||
r-oldrel-windows-x86_64 | 0.1.0 | 7.00 | 68.00 | 75.00 | OK |
Version: 0.1.0
Check: dependencies in R code
Result: NOTE
Namespaces in Imports field not imported from:
‘BBmisc’ ‘badger’
All declared Imports should be used.
Flavors: r-devel-linux-x86_64-fedora-clang, r-devel-linux-x86_64-fedora-gcc