Last updated on 2024-07-13 05:49:29 CEST.
Flavor | Version | Tinstall | Tcheck | Ttotal | Status | Flags |
---|---|---|---|---|---|---|
r-devel-linux-x86_64-debian-clang | 0.7.2 | 4.58 | 86.71 | 91.29 | OK | |
r-devel-linux-x86_64-debian-gcc | 0.7.2 | 2.31 | 60.04 | 62.35 | OK | |
r-devel-linux-x86_64-fedora-clang | 0.7.2 | 110.92 | NOTE | |||
r-devel-linux-x86_64-fedora-gcc | 0.7.2 | 118.61 | NOTE | |||
r-devel-windows-x86_64 | 0.7.2 | 5.00 | 85.00 | 90.00 | OK | |
r-patched-linux-x86_64 | 0.7.2 | 2.64 | 81.60 | 84.24 | OK | |
r-release-linux-x86_64 | 0.7.2 | 2.42 | 82.62 | 85.04 | OK | |
r-release-macos-arm64 | 0.7.2 | 40.00 | OK | |||
r-release-macos-x86_64 | 0.7.2 | 52.00 | OK | |||
r-release-windows-x86_64 | 0.7.2 | 5.00 | 84.00 | 89.00 | OK | |
r-oldrel-macos-arm64 | 0.7.2 | 38.00 | OK | |||
r-oldrel-macos-x86_64 | 0.7.2 | 67.00 | OK | |||
r-oldrel-windows-x86_64 | 0.7.2 | 6.00 | 99.00 | 105.00 | OK |
Version: 0.7.2
Check: dependencies in R code
Result: NOTE
Namespace in Imports field not imported from: ‘testthat’
All declared Imports should be used.
Flavors: r-devel-linux-x86_64-fedora-clang, r-devel-linux-x86_64-fedora-gcc