Last updated on 2025-04-29 13:51:44 CEST.
Flavor | Version | Tinstall | Tcheck | Ttotal | Status | Flags |
---|---|---|---|---|---|---|
r-devel-linux-x86_64-debian-clang | 0.2 | 2.16 | 19.70 | 21.86 | NOTE | |
r-devel-linux-x86_64-debian-gcc | 0.2 | 1.56 | 16.39 | 17.95 | NOTE | |
r-devel-linux-x86_64-fedora-clang | 0.2 | 34.40 | OK | |||
r-devel-linux-x86_64-fedora-gcc | 0.2 | 32.68 | OK | |||
r-devel-windows-x86_64 | 0.2 | 3.00 | 43.00 | 46.00 | OK | |
r-patched-linux-x86_64 | 0.2 | 2.15 | 19.29 | 21.44 | OK | |
r-release-linux-x86_64 | 0.2 | 2.05 | 19.16 | 21.21 | OK | |
r-release-macos-arm64 | 0.2 | 17.00 | OK | |||
r-release-macos-x86_64 | 0.2 | 25.00 | OK | |||
r-release-windows-x86_64 | 0.2 | 3.00 | 44.00 | 47.00 | OK | |
r-oldrel-macos-arm64 | 0.2 | 16.00 | OK | |||
r-oldrel-macos-x86_64 | 0.2 | 27.00 | OK | |||
r-oldrel-windows-x86_64 | 0.2 | 2.00 | 43.00 | 45.00 | OK |
Version: 0.2
Check: CRAN incoming feasibility
Result: NOTE
Maintainer: ‘Michele Dalponte <michele.dalponte@fmach.it>’
No Authors@R field in DESCRIPTION.
Please add one, modifying
Authors@R: c(person(given = "Michele",
family = "Dalponte",
role = c("aut", "cre"),
email = "michele.dalponte@fmach.it"),
person(given = c("Hans", "Ole"),
family = "Oerka",
role = "aut"))
as necessary.
Flavors: r-devel-linux-x86_64-debian-clang, r-devel-linux-x86_64-debian-gcc