Last updated on 2024-06-27 16:49:18 CEST.
Flavor | Version | Tinstall | Tcheck | Ttotal | Status | Flags |
---|---|---|---|---|---|---|
r-devel-linux-x86_64-debian-clang | 1.2 | OK | ||||
r-devel-linux-x86_64-debian-gcc | 1.2 | 3.85 | 28.35 | 32.20 | OK | |
r-devel-linux-x86_64-fedora-clang | 1.2 | 53.87 | NOTE | |||
r-devel-linux-x86_64-fedora-gcc | 1.2 | 53.42 | OK | |||
r-devel-windows-x86_64 | 1.2 | 5.00 | 51.00 | 56.00 | OK | |
r-patched-linux-x86_64 | 1.2 | 5.95 | 36.92 | 42.87 | OK | |
r-release-linux-x86_64 | 1.2 | 4.92 | 35.72 | 40.64 | OK | |
r-release-macos-arm64 | 1.2 | 21.00 | OK | |||
r-release-macos-x86_64 | 1.2 | 27.00 | OK | |||
r-release-windows-x86_64 | 1.2 | 5.00 | 51.00 | 56.00 | OK | |
r-oldrel-macos-arm64 | 1.2 | 23.00 | OK | |||
r-oldrel-macos-x86_64 | 1.2 | 41.00 | OK | |||
r-oldrel-windows-x86_64 | 1.2 | 6.00 | 56.00 | 62.00 | OK |
Version: 1.2
Check: Rd cross-references
Result: NOTE
Undeclared packages ‘coin’, ‘outliers’, ‘PMCMRplus’, ‘car’ in Rd xrefs
Flavor: r-devel-linux-x86_64-fedora-clang