Last updated on 2025-11-16 06:50:01 CET.
| Flavor | Version | Tinstall | Tcheck | Ttotal | Status | Flags |
|---|---|---|---|---|---|---|
| r-devel-linux-x86_64-debian-clang | 1.0.1 | 20.08 | 63.79 | 83.87 | NOTE | |
| r-devel-linux-x86_64-debian-gcc | 1.0.1 | 13.64 | 48.83 | 62.47 | NOTE | |
| r-devel-linux-x86_64-fedora-clang | 1.0.1 | 49.00 | 87.86 | 136.86 | NOTE | |
| r-devel-linux-x86_64-fedora-gcc | 1.0.1 | 46.00 | 85.24 | 131.24 | NOTE | |
| r-devel-windows-x86_64 | 1.0.1 | 32.00 | 88.00 | 120.00 | NOTE | |
| r-patched-linux-x86_64 | 1.0.1 | 18.51 | 62.12 | 80.63 | NOTE | |
| r-release-linux-x86_64 | 1.0.1 | 19.28 | 61.96 | 81.24 | NOTE | |
| r-release-macos-arm64 | 1.0.1 | 9.00 | 33.00 | 42.00 | NOTE | |
| r-release-macos-x86_64 | 1.0.1 | 15.00 | 63.00 | 78.00 | NOTE | |
| r-release-windows-x86_64 | 1.0.1 | 25.00 | 84.00 | 109.00 | NOTE | |
| r-oldrel-macos-arm64 | 1.0.1 | 10.00 | 30.00 | 40.00 | NOTE | |
| r-oldrel-macos-x86_64 | 1.0.1 | 12.00 | 46.00 | 58.00 | NOTE | |
| r-oldrel-windows-x86_64 | 1.0.1 | 30.00 | 110.00 | 140.00 | NOTE |
Version: 1.0.1
Check: package subdirectories
Result: NOTE
Problems with news in ‘NEWS.md’:
No news entries found.
Flavors: r-devel-linux-x86_64-debian-clang, r-devel-linux-x86_64-debian-gcc, r-devel-linux-x86_64-fedora-clang, r-devel-linux-x86_64-fedora-gcc, r-devel-windows-x86_64, r-patched-linux-x86_64, r-release-linux-x86_64, r-release-macos-arm64, r-release-macos-x86_64, r-release-windows-x86_64, r-oldrel-macos-arm64, r-oldrel-macos-x86_64, r-oldrel-windows-x86_64