Last updated on 2024-07-18 06:57:39 CEST.
Flavor | Version | Tinstall | Tcheck | Ttotal | Status | Flags |
---|---|---|---|---|---|---|
r-devel-linux-x86_64-debian-clang | 1.0.1 | 30.57 | 80.14 | 110.71 | NOTE | |
r-devel-linux-x86_64-debian-gcc | 1.0.1 | 25.29 | 58.50 | 83.79 | NOTE | |
r-devel-linux-x86_64-fedora-clang | 1.0.1 | 154.16 | NOTE | |||
r-devel-linux-x86_64-fedora-gcc | 1.0.1 | 149.63 | NOTE | |||
r-devel-windows-x86_64 | 1.0.1 | 30.00 | 91.00 | 121.00 | NOTE | |
r-patched-linux-x86_64 | 1.0.1 | 28.75 | 76.43 | 105.18 | NOTE | |
r-release-linux-x86_64 | 1.0.1 | 32.88 | 74.33 | 107.21 | NOTE | |
r-release-macos-arm64 | 1.0.1 | 40.00 | NOTE | |||
r-release-macos-x86_64 | 1.0.1 | 58.00 | NOTE | |||
r-release-windows-x86_64 | 1.0.1 | 31.00 | 91.00 | 122.00 | NOTE | |
r-oldrel-macos-arm64 | 1.0.1 | 46.00 | NOTE | |||
r-oldrel-macos-x86_64 | 1.0.1 | 75.00 | NOTE | |||
r-oldrel-windows-x86_64 | 1.0.1 | 38.00 | 107.00 | 145.00 | NOTE |
Version: 1.0.1
Check: package subdirectories
Result: NOTE
Problems with news in ‘NEWS.md’:
No news entries found.
Flavors: r-devel-linux-x86_64-debian-clang, r-devel-linux-x86_64-debian-gcc, r-devel-linux-x86_64-fedora-clang, r-devel-linux-x86_64-fedora-gcc, r-devel-windows-x86_64, r-patched-linux-x86_64, r-release-linux-x86_64, r-release-macos-arm64, r-release-macos-x86_64, r-release-windows-x86_64, r-oldrel-macos-arm64, r-oldrel-macos-x86_64, r-oldrel-windows-x86_64