Last updated on 2025-04-29 13:51:44 CEST.
Flavor | Version | Tinstall | Tcheck | Ttotal | Status | Flags |
---|---|---|---|---|---|---|
r-devel-linux-x86_64-debian-clang | 0.7.1 | 2.03 | 25.23 | 27.26 | NOTE | |
r-devel-linux-x86_64-debian-gcc | 0.7.1 | 1.76 | 19.02 | 20.78 | NOTE | |
r-devel-linux-x86_64-fedora-clang | 0.7.1 | 42.88 | OK | |||
r-devel-linux-x86_64-fedora-gcc | 0.7.1 | 40.70 | OK | |||
r-devel-windows-x86_64 | 0.7.1 | 3.00 | 46.00 | 49.00 | OK | |
r-patched-linux-x86_64 | 0.7.1 | 2.47 | 24.54 | 27.01 | OK | |
r-release-linux-x86_64 | 0.7.1 | 2.19 | 24.08 | 26.27 | OK | |
r-release-macos-arm64 | 0.7.1 | 18.00 | OK | |||
r-release-macos-x86_64 | 0.7.1 | 28.00 | OK | |||
r-release-windows-x86_64 | 0.7.1 | 3.00 | 49.00 | 52.00 | OK | |
r-oldrel-macos-arm64 | 0.7.1 | 16.00 | OK | |||
r-oldrel-macos-x86_64 | 0.7.1 | 27.00 | OK | |||
r-oldrel-windows-x86_64 | 0.7.1 | 3.00 | 44.00 | 47.00 | OK |
Version: 0.7.1
Check: CRAN incoming feasibility
Result: NOTE
Maintainer: ‘Dian Li <lidian@zju.edu.cn>’
No Authors@R field in DESCRIPTION.
Please add one, modifying
Authors@R: c(person(given = "Tobias",
family = "Elze",
role = "aut"),
person(given = "Dian",
family = "Li",
role = c("aut", "cre"),
email = "lidian@zju.edu.cn",
comment = "documentation"),
person(given = c("Eun", "Young"),
family = "Choi",
role = "aut",
comment = "QC"))
as necessary.
Flavors: r-devel-linux-x86_64-debian-clang, r-devel-linux-x86_64-debian-gcc