Last updated on 2025-04-29 13:51:44 CEST.
Flavor | Version | Tinstall | Tcheck | Ttotal | Status | Flags |
---|---|---|---|---|---|---|
r-devel-linux-x86_64-debian-clang | 0.2.0 | 6.17 | 66.68 | 72.85 | NOTE | |
r-devel-linux-x86_64-debian-gcc | 0.2.0 | 4.36 | 45.64 | 50.00 | NOTE | |
r-devel-linux-x86_64-fedora-clang | 0.2.0 | 111.55 | NOTE | |||
r-devel-linux-x86_64-fedora-gcc | 0.2.0 | 104.85 | NOTE | |||
r-devel-windows-x86_64 | 0.2.0 | 6.00 | 85.00 | 91.00 | NOTE | |
r-patched-linux-x86_64 | 0.2.0 | 7.50 | 61.36 | 68.86 | NOTE | |
r-release-linux-x86_64 | 0.2.0 | 6.87 | 62.05 | 68.92 | NOTE | |
r-release-macos-arm64 | 0.2.0 | 80.00 | NOTE | |||
r-release-macos-x86_64 | 0.2.0 | 225.00 | NOTE | |||
r-release-windows-x86_64 | 0.2.0 | 7.00 | 88.00 | 95.00 | NOTE | |
r-oldrel-macos-arm64 | 0.2.0 | 75.00 | NOTE | |||
r-oldrel-macos-x86_64 | 0.2.0 | 130.00 | NOTE | |||
r-oldrel-windows-x86_64 | 0.2.0 | 10.00 | 105.00 | 115.00 | NOTE |
Version: 0.2.0
Check: CRAN incoming feasibility
Result: NOTE
Maintainer: ‘Adam T. Kocsis <adam.t.kocsis@gmail.com>’
The BugReports field in DESCRIPTION has
https://github.com/adamkocsis/via
which should likely be
https://github.com/adamkocsis/via/issues
instead.
Flavors: r-devel-linux-x86_64-debian-clang, r-devel-linux-x86_64-debian-gcc
Version: 0.2.0
Check: Rd files
Result: NOTE
checkRd: (-1) VirtualArray-single-bracket-method.Rd:6: Lost braces
6 | \title{Indexing to extract subsets of a 'code{\link[via:XArray-class]{VirtualArray}}'-class object}
| ^
checkRd: (-1) subset.Rd:20: Lost braces
20 | \item{drop}{\code{logical} in case the result of subsetting is a single element, should the \\code{\link[via:XArray-class]{VirtualArray}} wrapper be dropped?}
| ^
Flavors: r-devel-linux-x86_64-debian-clang, r-devel-linux-x86_64-debian-gcc, r-devel-linux-x86_64-fedora-clang, r-devel-linux-x86_64-fedora-gcc, r-devel-windows-x86_64, r-patched-linux-x86_64, r-release-linux-x86_64, r-release-macos-arm64, r-release-macos-x86_64, r-release-windows-x86_64, r-oldrel-macos-arm64, r-oldrel-macos-x86_64, r-oldrel-windows-x86_64
Version: 0.2.0
Check: examples
Result: NOTE
Examples with CPU (user + system) or elapsed time > 5s
user system elapsed
RasterArray-class 7.357 0.093 9.189
Flavor: r-devel-linux-x86_64-debian-clang