CRAN Package Check Results for Package villager

Last updated on 2025-11-16 06:50:01 CET.

Flavor Version Tinstall Tcheck Ttotal Status Flags
r-devel-linux-x86_64-debian-clang 2.0.0 9.48 515.73 525.21 OK
r-devel-linux-x86_64-debian-gcc 2.0.0 6.49 317.89 324.38 NOTE
r-devel-linux-x86_64-fedora-clang 2.0.0 20.00 792.99 812.99 OK
r-devel-linux-x86_64-fedora-gcc 2.0.0 20.00 777.56 797.56 OK
r-devel-windows-x86_64 2.0.0 15.00 458.00 473.00 OK
r-patched-linux-x86_64 2.0.0 8.64 497.23 505.87 OK
r-release-linux-x86_64 2.0.0 9.30 493.96 503.26 OK
r-release-macos-arm64 2.0.0 4.00 249.00 253.00 OK
r-release-macos-x86_64 2.0.0 9.00 454.00 463.00 OK
r-release-windows-x86_64 2.0.0 13.00 458.00 471.00 OK
r-oldrel-macos-arm64 2.0.0 4.00 263.00 267.00 NOTE
r-oldrel-macos-x86_64 2.0.0 6.00 323.00 329.00 NOTE
r-oldrel-windows-x86_64 2.0.0 16.00 603.00 619.00 NOTE

Check Details

Version: 2.0.0
Check: CRAN incoming feasibility
Result: NOTE Maintainer: ‘Thomas Thelen <tommythelen@gmail.com>’ The BugReports field in DESCRIPTION has https://github.com/zizroc/villager/issues/ which should likely be https://github.com/zizroc/villager/issues/issues instead. Flavor: r-devel-linux-x86_64-debian-gcc

Version: 2.0.0
Check: installed package size
Result: NOTE installed size is 5.2Mb sub-directories of 1Mb or more: doc 4.7Mb Flavors: r-oldrel-macos-arm64, r-oldrel-macos-x86_64, r-oldrel-windows-x86_64