CRAN Package Check Results for Package vipor

Last updated on 2025-07-18 13:49:48 CEST.

Flavor Version Tinstall Tcheck Ttotal Status Flags
r-devel-linux-x86_64-debian-clang 0.4.7 2.04 54.57 56.61 NOTE
r-devel-linux-x86_64-debian-gcc 0.4.7 1.72 41.52 43.24 NOTE
r-devel-linux-x86_64-fedora-clang 0.4.7 91.07 OK
r-devel-linux-x86_64-fedora-gcc 0.4.7 102.41 OK
r-devel-windows-x86_64 0.4.7 5.00 99.00 104.00 OK
r-patched-linux-x86_64 0.4.7 2.35 51.73 54.08 OK
r-release-linux-x86_64 0.4.7 1.95 51.26 53.21 OK
r-release-macos-arm64 0.4.7 43.00 OK
r-release-macos-x86_64 0.4.7 77.00 OK
r-release-windows-x86_64 0.4.7 4.00 94.00 98.00 OK
r-oldrel-macos-arm64 0.4.7 39.00 OK
r-oldrel-macos-x86_64 0.4.7 61.00 OK
r-oldrel-windows-x86_64 0.4.7 4.00 108.00 112.00 OK

Check Details

Version: 0.4.7
Check: CRAN incoming feasibility
Result: NOTE Maintainer: ‘Scott Sherrill-Mix <ssm@msu.edu>’ No Authors@R field in DESCRIPTION. Please add one, modifying Authors@R: c(person(given = "Scott", family = "Sherrill-Mix", role = c("aut", "cre"), email = "ssm@msu.edu"), person(given = "Erik", family = "Clarke", role = "aut")) as necessary. Flavors: r-devel-linux-x86_64-debian-clang, r-devel-linux-x86_64-debian-gcc