Last updated on 2024-06-27 16:49:18 CEST.
Flavor | Version | Tinstall | Tcheck | Ttotal | Status | Flags |
---|---|---|---|---|---|---|
r-devel-linux-x86_64-debian-clang | 0.1.0 | NOTE | ||||
r-devel-linux-x86_64-debian-gcc | 0.1.0 | 11.51 | 94.95 | 106.46 | NOTE | |
r-devel-linux-x86_64-fedora-clang | 0.1.0 | 195.75 | NOTE | |||
r-devel-linux-x86_64-fedora-gcc | 0.1.0 | 181.44 | NOTE | |||
r-devel-windows-x86_64 | 0.1.0 | 13.00 | 110.00 | 123.00 | NOTE | |
r-patched-linux-x86_64 | 0.1.0 | 12.17 | 121.46 | 133.63 | NOTE | |
r-release-linux-x86_64 | 0.1.0 | 9.19 | 121.94 | 131.13 | NOTE | |
r-release-macos-arm64 | 0.1.0 | 55.00 | NOTE | |||
r-release-macos-x86_64 | 0.1.0 | 85.00 | NOTE | |||
r-release-windows-x86_64 | 0.1.0 | 14.00 | 109.00 | 123.00 | NOTE | |
r-oldrel-macos-arm64 | 0.1.0 | 55.00 | OK | |||
r-oldrel-macos-x86_64 | 0.1.0 | 95.00 | OK | |||
r-oldrel-windows-x86_64 | 0.1.0 | 15.00 | 135.00 | 150.00 | OK |
Version: 0.1.0
Check: Rd files
Result: NOTE
checkRd: (-1) NSpec.DB.Rd:16: Lost braces; missing escapes or markup?
16 | ...{currently not used}
| ^
checkRd: (-1) wavelength-methods.Rd:32: Lost braces; missing escapes or markup?
32 | A call to {new} returns a newly allocated object from the class identified by the first argument.
| ^
Flavors: r-devel-linux-x86_64-debian-clang, r-devel-linux-x86_64-debian-gcc, r-devel-linux-x86_64-fedora-clang, r-devel-linux-x86_64-fedora-gcc, r-devel-windows-x86_64, r-patched-linux-x86_64, r-release-linux-x86_64, r-release-macos-arm64, r-release-macos-x86_64, r-release-windows-x86_64