Last updated on 2024-06-27 16:49:18 CEST.
Flavor | Version | Tinstall | Tcheck | Ttotal | Status | Flags |
---|---|---|---|---|---|---|
r-devel-linux-x86_64-debian-clang | 1.1.2-7 | NOTE | ||||
r-devel-linux-x86_64-debian-gcc | 1.1.2-7 | 496.09 | 79.13 | 575.22 | NOTE | |
r-devel-linux-x86_64-fedora-clang | 1.1.2-7 | 899.32 | NOTE | |||
r-devel-linux-x86_64-fedora-gcc | 1.1.2-7 | 1223.99 | NOTE | |||
r-devel-windows-x86_64 | 1.1.2-7 | 505.00 | 126.00 | 631.00 | NOTE | |
r-patched-linux-x86_64 | 1.1.2-7 | 608.85 | 102.80 | 711.65 | NOTE | |
r-release-linux-x86_64 | 1.1.2-7 | 627.92 | 103.23 | 731.15 | NOTE | |
r-release-macos-arm64 | 1.1.2-7 | 183.00 | NOTE | |||
r-release-macos-x86_64 | 1.1.2-7 | 177.00 | NOTE | |||
r-release-windows-x86_64 | 1.1.2-7 | 541.00 | 132.00 | 673.00 | NOTE | |
r-oldrel-macos-arm64 | 1.1.2-7 | 195.00 | NOTE | |||
r-oldrel-macos-x86_64 | 1.1.2-7 | 241.00 | NOTE | |||
r-oldrel-windows-x86_64 | 1.1.2-7 | 625.00 | 157.00 | 782.00 | OK |
Version: 1.1.2-7
Check: Rd files
Result: NOTE
checkRd: (-1) compute_indicators.Rd:17: Lost braces in \itemize; meant \describe ?
checkRd: (-1) compute_indicators.Rd:18: Lost braces in \itemize; meant \describe ?
checkRd: (-1) compute_indicators.Rd:19: Lost braces in \itemize; meant \describe ?
checkRd: (-1) compute_indicators.Rd:20: Lost braces in \itemize; meant \describe ?
checkRd: (-1) compute_indicators.Rd:21: Lost braces in \itemize; meant \describe ?
checkRd: (-1) compute_indicators.Rd:22: Lost braces in \itemize; meant \describe ?
checkRd: (-1) direct_sampling.Rd:12: Lost braces in \itemize; meant \describe ?
checkRd: (-1) direct_sampling.Rd:13: Lost braces in \itemize; meant \describe ?
checkRd: (-1) direct_sampling.Rd:14: Lost braces in \itemize; meant \describe ?
checkRd: (-1) direct_sampling.Rd:15: Lost braces in \itemize; meant \describe ?
checkRd: (-1) gen_rand_hpoly.Rd:16: Lost braces in \itemize; meant \describe ?
checkRd: (-1) gen_rand_hpoly.Rd:17: Lost braces in \itemize; meant \describe ?
checkRd: (-1) gen_rand_vpoly.Rd:16: Lost braces in \itemize; meant \describe ?
checkRd: (-1) gen_rand_vpoly.Rd:17: Lost braces in \itemize; meant \describe ?
checkRd: (-1) gen_rand_zonotope.Rd:20: Lost braces in \itemize; meant \describe ?
checkRd: (-1) gen_rand_zonotope.Rd:21: Lost braces in \itemize; meant \describe ?
checkRd: (-1) round_polytope.Rd:14: Lost braces in \itemize; meant \describe ?
checkRd: (-1) round_polytope.Rd:15: Lost braces in \itemize; meant \describe ?
checkRd: (-1) round_polytope.Rd:16: Lost braces in \itemize; meant \describe ?
checkRd: (-1) sample_points.Rd:16: Lost braces in \itemize; meant \describe ?
checkRd: (-1) sample_points.Rd:17: Lost braces in \itemize; meant \describe ?
checkRd: (-1) sample_points.Rd:18: Lost braces in \itemize; meant \describe ?
checkRd: (-1) sample_points.Rd:19: Lost braces in \itemize; meant \describe ?
checkRd: (-1) sample_points.Rd:20: Lost braces in \itemize; meant \describe ?
checkRd: (-1) sample_points.Rd:21: Lost braces in \itemize; meant \describe ?
checkRd: (-1) sample_points.Rd:22: Lost braces in \itemize; meant \describe ?
checkRd: (-1) sample_points.Rd:27: Lost braces in \itemize; meant \describe ?
checkRd: (-1) sample_points.Rd:28: Lost braces in \itemize; meant \describe ?
checkRd: (-1) sample_points.Rd:29: Lost braces in \itemize; meant \describe ?
checkRd: (-1) volume.Rd:14: Lost braces in \itemize; meant \describe ?
checkRd: (-1) volume.Rd:15: Lost braces in \itemize; meant \describe ?
checkRd: (-1) volume.Rd:16: Lost braces in \itemize; meant \describe ?
checkRd: (-1) volume.Rd:17: Lost braces in \itemize; meant \describe ?
checkRd: (-1) volume.Rd:18: Lost braces in \itemize; meant \describe ?
checkRd: (-1) volume.Rd:19: Lost braces in \itemize; meant \describe ?
checkRd: (-1) volume.Rd:20: Lost braces in \itemize; meant \describe ?
checkRd: (-1) zonotope_approximation.Rd:20: Lost braces in \itemize; meant \describe ?
checkRd: (-1) zonotope_approximation.Rd:21: Lost braces in \itemize; meant \describe ?
checkRd: (-1) zonotope_approximation.Rd:22: Lost braces in \itemize; meant \describe ?
checkRd: (-1) zonotope_approximation.Rd:23: Lost braces in \itemize; meant \describe ?
checkRd: (-1) zonotope_approximation.Rd:24: Lost braces in \itemize; meant \describe ?
Flavors: r-devel-linux-x86_64-debian-clang, r-devel-linux-x86_64-debian-gcc, r-devel-linux-x86_64-fedora-clang, r-devel-linux-x86_64-fedora-gcc, r-devel-windows-x86_64, r-patched-linux-x86_64, r-release-linux-x86_64, r-release-macos-arm64, r-release-macos-x86_64, r-release-windows-x86_64
Version: 1.1.2-7
Check: installed package size
Result: NOTE
installed size is 62.0Mb
sub-directories of 1Mb or more:
libs 61.7Mb
Flavors: r-release-macos-arm64, r-release-macos-x86_64, r-oldrel-macos-arm64, r-oldrel-macos-x86_64