Last updated on 2025-04-29 13:51:44 CEST.
Flavor | Version | Tinstall | Tcheck | Ttotal | Status | Flags |
---|---|---|---|---|---|---|
r-devel-linux-x86_64-debian-clang | 0.7 | 5.80 | 84.25 | 90.05 | NOTE | |
r-devel-linux-x86_64-debian-gcc | 0.7 | 3.95 | 51.04 | 54.99 | NOTE | |
r-devel-linux-x86_64-fedora-clang | 0.7 | 145.29 | OK | |||
r-devel-linux-x86_64-fedora-gcc | 0.7 | 122.02 | OK | |||
r-devel-windows-x86_64 | 0.7 | 7.00 | 100.00 | 107.00 | NOTE | |
r-patched-linux-x86_64 | 0.7 | 5.96 | 67.75 | 73.71 | NOTE | |
r-release-linux-x86_64 | 0.7 | 5.50 | 67.57 | 73.07 | NOTE | |
r-release-macos-arm64 | 0.7 | 46.00 | OK | |||
r-release-macos-x86_64 | 0.7 | 85.00 | OK | |||
r-release-windows-x86_64 | 0.7 | 7.00 | 97.00 | 104.00 | NOTE | |
r-oldrel-macos-arm64 | 0.7 | 40.00 | OK | |||
r-oldrel-macos-x86_64 | 0.7 | 61.00 | OK | |||
r-oldrel-windows-x86_64 | 0.7 | 9.00 | 108.00 | 117.00 | OK |
Version: 0.7
Check: Rd cross-references
Result: NOTE
Found the following Rd file(s) with Rd \link{} targets missing package
anchors:
vscc.Rd: teigen, Mclust
Please provide package anchors for all Rd \link{} targets not in the
package itself and the base packages.
Flavors: r-devel-linux-x86_64-debian-clang, r-devel-linux-x86_64-debian-gcc, r-devel-windows-x86_64, r-patched-linux-x86_64, r-release-linux-x86_64, r-release-windows-x86_64
Version: 0.7
Check: examples
Result: NOTE
Examples with CPU (user + system) or elapsed time > 5s
user system elapsed
plot.vscc 9.438 0.015 10.823
summary.vscc 9.295 0.003 11.250
print.vscc 9.280 0.004 10.889
vscc 9.168 0.004 11.006
Flavor: r-devel-linux-x86_64-debian-clang
Version: 0.7
Check: examples
Result: NOTE
Examples with CPU (user + system) or elapsed time > 5s
user system elapsed
plot.vscc 4.264 0.207 5.091
Flavor: r-devel-linux-x86_64-debian-gcc