Last updated on 2025-04-29 19:50:51 CEST.
Flavor | Version | Tinstall | Tcheck | Ttotal | Status | Flags |
---|---|---|---|---|---|---|
r-devel-linux-x86_64-debian-clang | 0.2 | 1.94 | 24.47 | 26.41 | NOTE | |
r-devel-linux-x86_64-debian-gcc | 0.2 | 1.55 | 18.07 | 19.62 | NOTE | |
r-devel-linux-x86_64-fedora-clang | 0.2 | 42.43 | NOTE | |||
r-devel-linux-x86_64-fedora-gcc | 0.2 | 40.10 | NOTE | |||
r-devel-windows-x86_64 | 0.2 | 4.00 | 45.00 | 49.00 | NOTE | |
r-patched-linux-x86_64 | 0.2 | 2.51 | 23.49 | 26.00 | NOTE | |
r-release-linux-x86_64 | 0.2 | 2.52 | 23.30 | 25.82 | NOTE | |
r-release-macos-arm64 | 0.2 | 18.00 | NOTE | |||
r-release-macos-x86_64 | 0.2 | 29.00 | NOTE | |||
r-release-windows-x86_64 | 0.2 | 4.00 | 46.00 | 50.00 | NOTE | |
r-oldrel-macos-arm64 | 0.2 | 16.00 | NOTE | |||
r-oldrel-macos-x86_64 | 0.2 | 24.00 | NOTE | |||
r-oldrel-windows-x86_64 | 0.2 | 4.00 | 49.00 | 53.00 | NOTE |
Version: 0.2
Check: CRAN incoming feasibility
Result: NOTE
Maintainer: ‘Karolina Klockmann <karolina.klockmann@gmx.de>’
The Description field contains
(Klockmann, Krivobokova; 2023), <arXiv:2303.10018>.
Please refer to arXiv e-prints via their arXiv DOI <doi:10.48550/arXiv.YYMM.NNNNN>.
Flavors: r-devel-linux-x86_64-debian-clang, r-devel-linux-x86_64-debian-gcc
Version: 0.2
Check: Rd files
Result: NOTE
checkRd: (-1) Data-Examples.Rd:39: Lost braces in \itemize; meant \describe ?
checkRd: (-1) Data-Examples.Rd:40: Lost braces in \itemize; meant \describe ?
checkRd: (-1) Data-Examples.Rd:41: Lost braces in \itemize; meant \describe ?
checkRd: (-1) Data-Examples.Rd:30: Lost braces in \itemize; \value handles \item{}{} directly
checkRd: (-1) Data-Examples.Rd:31: Lost braces in \itemize; \value handles \item{}{} directly
checkRd: (-1) Data-Examples.Rd:32: Lost braces in \itemize; \value handles \item{}{} directly
checkRd: (-1) Data.trafo.Rd:19: Lost braces in \itemize; \value handles \item{}{} directly
checkRd: (-1) Data.trafo.Rd:20: Lost braces in \itemize; \value handles \item{}{} directly
checkRd: (-1) Data.trafo.Rd:21: Lost braces in \itemize; \value handles \item{}{} directly
checkRd: (-1) Toep.estimator.Rd:23: Lost braces in \itemize; \value handles \item{}{} directly
checkRd: (-1) Toep.estimator.Rd:24: Lost braces in \itemize; \value handles \item{}{} directly
checkRd: (-1) Toep.estimator.Rd:25: Lost braces in \itemize; \value handles \item{}{} directly
checkRd: (-1) Toep.estimator.Rd:26: Lost braces in \itemize; \value handles \item{}{} directly
checkRd: (-1) aquaporin.Rd:10: Lost braces in \itemize; meant \describe ?
Flavors: r-devel-linux-x86_64-debian-clang, r-devel-linux-x86_64-debian-gcc, r-devel-linux-x86_64-fedora-clang, r-devel-linux-x86_64-fedora-gcc, r-devel-windows-x86_64, r-patched-linux-x86_64, r-release-linux-x86_64, r-release-macos-arm64, r-release-macos-x86_64, r-release-windows-x86_64, r-oldrel-macos-arm64, r-oldrel-macos-x86_64, r-oldrel-windows-x86_64