Last updated on 2025-04-29 13:51:45 CEST.
Flavor | Version | Tinstall | Tcheck | Ttotal | Status | Flags |
---|---|---|---|---|---|---|
r-devel-linux-x86_64-debian-clang | 1.0.1 | 2.23 | 44.55 | 46.78 | NOTE | |
r-devel-linux-x86_64-debian-gcc | 1.0.1 | 1.87 | 29.36 | 31.23 | NOTE | |
r-devel-linux-x86_64-fedora-clang | 1.0.1 | 72.27 | OK | |||
r-devel-linux-x86_64-fedora-gcc | 1.0.1 | 68.60 | OK | |||
r-devel-windows-x86_64 | 1.0.1 | 4.00 | 60.00 | 64.00 | OK | |
r-patched-linux-x86_64 | 1.0.1 | 2.79 | 41.43 | 44.22 | OK | |
r-release-linux-x86_64 | 1.0.1 | 2.28 | 42.33 | 44.61 | OK | |
r-release-macos-arm64 | 1.0.1 | 25.00 | OK | |||
r-release-macos-x86_64 | 1.0.1 | 42.00 | OK | |||
r-release-windows-x86_64 | 1.0.1 | 3.00 | 64.00 | 67.00 | OK | |
r-oldrel-macos-arm64 | 1.0.1 | 22.00 | OK | |||
r-oldrel-macos-x86_64 | 1.0.1 | 35.00 | OK | |||
r-oldrel-windows-x86_64 | 1.0.1 | 3.00 | 60.00 | 63.00 | OK |
Version: 1.0.1
Check: CRAN incoming feasibility
Result: NOTE
Maintainer: ‘Neil A. Weiss <neil.a.weiss@asu.edu>’
No Authors@R field in DESCRIPTION.
Please add one, modifying
Authors@R: person(given = c("Neil", "A."),
family = "Weiss",
role = c("aut", "cre"),
email = "neil.a.weiss@asu.edu")
as necessary.
Found the following \keyword or \concept entries
which likely give several index terms:
File ‘wPerm-package.Rd’:
\keyword{ package, datasets, graphs }
Flavors: r-devel-linux-x86_64-debian-clang, r-devel-linux-x86_64-debian-gcc