CRAN Package Check Results for Package walmartAPI

Last updated on 2025-11-16 06:50:01 CET.

Flavor Version Tinstall Tcheck Ttotal Status Flags
r-devel-linux-x86_64-debian-clang 0.1.5 1.77 21.45 23.22 OK
r-devel-linux-x86_64-debian-gcc 0.1.5 1.56 18.07 19.63 OK
r-devel-linux-x86_64-fedora-clang 0.1.5 32.59 OK
r-devel-linux-x86_64-fedora-gcc 0.1.5 30.63 OK
r-devel-windows-x86_64 0.1.5 6.00 40.00 46.00 OK
r-patched-linux-x86_64 0.1.5 2.06 19.05 21.11 OK
r-release-linux-x86_64 0.1.5 1.56 19.31 20.87 OK
r-release-macos-arm64 0.1.5 1.00 14.00 15.00 OK
r-release-macos-x86_64 0.1.5 2.00 21.00 23.00 OK
r-release-windows-x86_64 0.1.5 4.00 40.00 44.00 OK
r-oldrel-macos-arm64 0.1.5 1.00 13.00 14.00 NOTE
r-oldrel-macos-x86_64 0.1.5 2.00 19.00 21.00 NOTE
r-oldrel-windows-x86_64 0.1.5 4.00 49.00 53.00 NOTE

Check Details

Version: 0.1.5
Check: LazyData
Result: NOTE 'LazyData' is specified without a 'data' directory Flavors: r-oldrel-macos-arm64, r-oldrel-macos-x86_64, r-oldrel-windows-x86_64