CRAN Package Check Results for Package warbleR

Last updated on 2025-11-16 06:50:01 CET.

Flavor Version Tinstall Tcheck Ttotal Status Flags
r-devel-linux-x86_64-debian-clang 1.1.37 28.91 177.76 206.67 OK
r-devel-linux-x86_64-debian-gcc 1.1.37 21.65 123.69 145.34 NOTE
r-devel-linux-x86_64-fedora-clang 1.1.37 179.00 173.42 352.42 OK
r-devel-linux-x86_64-fedora-gcc 1.1.37 127.00 208.92 335.92 OK
r-devel-windows-x86_64 1.1.37 38.00 221.00 259.00 OK
r-patched-linux-x86_64 1.1.37 31.79 168.11 199.90 OK
r-release-linux-x86_64 1.1.37 30.51 170.80 201.31 OK
r-release-macos-arm64 1.1.37 12.00 81.00 93.00 OK
r-release-macos-x86_64 1.1.37 38.00 265.00 303.00 OK
r-release-windows-x86_64 1.1.37 34.00 210.00 244.00 OK
r-oldrel-macos-arm64 1.1.37 12.00 84.00 96.00 NOTE
r-oldrel-macos-x86_64 1.1.37 37.00 267.00 304.00 NOTE
r-oldrel-windows-x86_64 1.1.37 46.00 259.00 305.00 NOTE

Check Details

Version: 1.1.37
Check: CRAN incoming feasibility
Result: NOTE Maintainer: ‘Marcelo Araya-Salas <marcelo.araya@ucr.ac.cr>’ The BugReports field in DESCRIPTION has https://github.com/maRce10/warbleR/issues/ which should likely be https://github.com/maRce10/warbleR/issues/issues instead. Flavor: r-devel-linux-x86_64-debian-gcc

Version: 1.1.37
Check: installed package size
Result: NOTE installed size is 7.5Mb sub-directories of 1Mb or more: doc 5.4Mb Flavors: r-oldrel-macos-arm64, r-oldrel-macos-x86_64, r-oldrel-windows-x86_64