Last updated on 2025-11-16 12:49:48 CET.
| Flavor | Version | Tinstall | Tcheck | Ttotal | Status | Flags |
|---|---|---|---|---|---|---|
| r-devel-linux-x86_64-debian-clang | 0.2.1 | 5.03 | 61.37 | 66.40 | OK | |
| r-devel-linux-x86_64-debian-gcc | 0.2.1 | 4.53 | 48.63 | 53.16 | NOTE | |
| r-devel-linux-x86_64-fedora-clang | 0.2.1 | 11.00 | 91.96 | 102.96 | OK | |
| r-devel-linux-x86_64-fedora-gcc | 0.2.1 | 22.00 | 87.36 | 109.36 | OK | |
| r-devel-windows-x86_64 | 0.2.1 | 12.00 | 71.00 | 83.00 | OK | |
| r-patched-linux-x86_64 | 0.2.1 | 4.53 | 57.49 | 62.02 | OK | |
| r-release-linux-x86_64 | 0.2.1 | 5.98 | 59.53 | 65.51 | OK | |
| r-release-macos-arm64 | 0.2.1 | 3.00 | 31.00 | 34.00 | OK | |
| r-release-macos-x86_64 | 0.2.1 | 5.00 | 53.00 | 58.00 | OK | |
| r-release-windows-x86_64 | 0.2.1 | 8.00 | 71.00 | 79.00 | OK | |
| r-oldrel-macos-arm64 | 0.2.1 | 3.00 | 36.00 | 39.00 | NOTE | |
| r-oldrel-macos-x86_64 | 0.2.1 | 5.00 | 56.00 | 61.00 | NOTE | |
| r-oldrel-windows-x86_64 | 0.2.1 | 10.00 | 89.00 | 99.00 | NOTE |
Version: 0.2.1
Check: CRAN incoming feasibility
Result: NOTE
Maintainer: ‘Jadey Ryan <jryan@agr.wa.gov>’
The BugReports field in DESCRIPTION has
https://github.com/WA-Department-of-Agriculture/washi/issues/
which should likely be
https://github.com/WA-Department-of-Agriculture/washi/issues/issues
instead.
Flavor: r-devel-linux-x86_64-debian-gcc
Version: 0.2.1
Check: installed package size
Result: NOTE
installed size is 5.4Mb
sub-directories of 1Mb or more:
help 4.4Mb
Flavors: r-oldrel-macos-arm64, r-oldrel-macos-x86_64, r-oldrel-windows-x86_64