Last updated on 2025-11-16 00:48:50 CET.
| Flavor | Version | Tinstall | Tcheck | Ttotal | Status | Flags |
|---|---|---|---|---|---|---|
| r-devel-linux-x86_64-debian-clang | 0.0.7 | 7.09 | 61.58 | 68.67 | OK | |
| r-devel-linux-x86_64-debian-gcc | 0.0.7 | 5.72 | 40.76 | 46.48 | NOTE | |
| r-devel-linux-x86_64-fedora-clang | 0.0.7 | 16.00 | 82.03 | 98.03 | OK | |
| r-devel-linux-x86_64-fedora-gcc | 0.0.7 | 18.00 | 91.79 | 109.79 | OK | |
| r-devel-windows-x86_64 | 0.0.7 | 14.00 | 84.00 | 98.00 | OK | |
| r-patched-linux-x86_64 | 0.0.7 | 9.49 | 60.08 | 69.57 | OK | |
| r-release-linux-x86_64 | 0.0.7 | 9.85 | 60.78 | 70.63 | OK | |
| r-release-macos-arm64 | 0.0.7 | 7.00 | 75.00 | 82.00 | OK | |
| r-release-macos-x86_64 | 0.0.7 | 14.00 | 175.00 | 189.00 | OK | |
| r-release-windows-x86_64 | 0.0.7 | 12.00 | 86.00 | 98.00 | OK | |
| r-oldrel-macos-arm64 | 0.0.7 | 7.00 | 137.00 | 144.00 | OK | |
| r-oldrel-macos-x86_64 | 0.0.7 | 10.00 | 162.00 | 172.00 | OK | |
| r-oldrel-windows-x86_64 | 0.0.7 | 15.00 | 100.00 | 115.00 | OK |
Version: 0.0.7
Check: CRAN incoming feasibility
Result: NOTE
Maintainer: ‘Guy J. Abel <g.j.abel@gmail.com>’
The BugReports field in DESCRIPTION has
https://github.com/guyabel/wcde/issues/
which should likely be
https://github.com/guyabel/wcde/issues/issues
instead.
Flavor: r-devel-linux-x86_64-debian-gcc