CRAN Package Check Results for Package wcep

Last updated on 2025-04-29 13:51:44 CEST.

Flavor Version Tinstall Tcheck Ttotal Status Flags
r-devel-linux-x86_64-debian-clang 1.0.2 9.54 85.72 95.26 NOTE
r-devel-linux-x86_64-debian-gcc 1.0.2 6.37 62.41 68.78 NOTE
r-devel-linux-x86_64-fedora-clang 1.0.2 147.47 OK
r-devel-linux-x86_64-fedora-gcc 1.0.2 138.42 OK
r-devel-windows-x86_64 1.0.2 10.00 94.00 104.00 NOTE
r-patched-linux-x86_64 1.0.2 9.46 81.93 91.39 NOTE
r-release-linux-x86_64 1.0.2 9.60 81.46 91.06 NOTE
r-release-macos-arm64 1.0.2 39.00 OK
r-release-macos-x86_64 1.0.2 81.00 OK
r-release-windows-x86_64 1.0.2 13.00 97.00 110.00 NOTE
r-oldrel-macos-arm64 1.0.2 37.00 OK
r-oldrel-macos-x86_64 1.0.2 63.00 OK
r-oldrel-windows-x86_64 1.0.2 13.00 114.00 127.00 OK

Check Details

Version: 1.0.2
Check: CRAN incoming feasibility
Result: NOTE Maintainer: ‘Sarah Rathwell <srathwel@ualberta.ca>’ The BugReports field in DESCRIPTION has https://github.com/sarah-0k/wcep which should likely be https://github.com/sarah-0k/wcep/issues instead. Flavors: r-devel-linux-x86_64-debian-clang, r-devel-linux-x86_64-debian-gcc

Version: 1.0.2
Check: Rd cross-references
Result: NOTE Found the following Rd file(s) with Rd \link{} targets missing package anchors: wcep.Rd: coxph Please provide package anchors for all Rd \link{} targets not in the package itself and the base packages. Flavors: r-devel-linux-x86_64-debian-clang, r-devel-linux-x86_64-debian-gcc, r-devel-windows-x86_64, r-patched-linux-x86_64, r-release-linux-x86_64, r-release-windows-x86_64

Version: 1.0.2
Check: examples
Result: NOTE Examples with CPU (user + system) or elapsed time > 5s user system elapsed wcep 5.938 0.04 6.668 Flavor: r-devel-linux-x86_64-debian-clang