Last updated on 2025-11-16 12:49:48 CET.
| Flavor | Version | Tinstall | Tcheck | Ttotal | Status | Flags |
|---|---|---|---|---|---|---|
| r-devel-linux-x86_64-debian-clang | 1.0 | 3.70 | 39.84 | 43.54 | OK | |
| r-devel-linux-x86_64-debian-gcc | 1.0 | 3.06 | 31.53 | 34.59 | OK | |
| r-devel-linux-x86_64-fedora-clang | 1.0 | 68.94 | NOTE | |||
| r-devel-linux-x86_64-fedora-gcc | 1.0 | 78.56 | NOTE | |||
| r-devel-windows-x86_64 | 1.0 | 8.00 | 55.00 | 63.00 | OK | |
| r-patched-linux-x86_64 | 1.0 | 3.44 | 37.98 | 41.42 | OK | |
| r-release-linux-x86_64 | 1.0 | 3.43 | 37.67 | 41.10 | OK | |
| r-release-macos-arm64 | 1.0 | 2.00 | 26.00 | 28.00 | OK | |
| r-release-macos-x86_64 | 1.0 | 3.00 | 45.00 | 48.00 | OK | |
| r-release-windows-x86_64 | 1.0 | 5.00 | 61.00 | 66.00 | OK | |
| r-oldrel-macos-arm64 | 1.0 | 2.00 | 25.00 | 27.00 | OK | |
| r-oldrel-macos-x86_64 | 1.0 | 3.00 | 39.00 | 42.00 | OK | |
| r-oldrel-windows-x86_64 | 1.0 | 8.00 | 65.00 | 73.00 | OK |
Version: 1.0
Check: dependencies in R code
Result: NOTE
Namespace in Imports field not imported from: ‘survival’
All declared Imports should be used.
Flavors: r-devel-linux-x86_64-fedora-clang, r-devel-linux-x86_64-fedora-gcc