CRAN Package Check Results for Package websearchr

Last updated on 2025-04-29 13:51:44 CEST.

Flavor Version Tinstall Tcheck Ttotal Status Flags
r-devel-linux-x86_64-debian-clang 0.0.3 1.49 19.58 21.07 OK
r-devel-linux-x86_64-debian-gcc 0.0.3 1.42 15.89 17.31 OK
r-devel-linux-x86_64-fedora-clang 0.0.3 31.70 OK
r-devel-linux-x86_64-fedora-gcc 0.0.3 29.76 OK
r-devel-windows-x86_64 0.0.3 2.00 43.00 45.00 OK
r-patched-linux-x86_64 0.0.3 1.89 17.88 19.77 OK
r-release-linux-x86_64 0.0.3 1.81 17.59 19.40 OK
r-release-macos-arm64 0.0.3 16.00 OK
r-release-macos-x86_64 0.0.3 42.00 OK
r-release-windows-x86_64 0.0.3 3.00 48.00 51.00 OK
r-oldrel-macos-arm64 0.0.3 20.00 NOTE
r-oldrel-macos-x86_64 0.0.3 27.00 NOTE
r-oldrel-windows-x86_64 0.0.3 3.00 40.00 43.00 NOTE

Check Details

Version: 0.0.3
Check: LazyData
Result: NOTE 'LazyData' is specified without a 'data' directory Flavors: r-oldrel-macos-arm64, r-oldrel-macos-x86_64, r-oldrel-windows-x86_64