Last updated on 2024-06-27 16:49:18 CEST.
Flavor | Version | Tinstall | Tcheck | Ttotal | Status | Flags |
---|---|---|---|---|---|---|
r-devel-linux-x86_64-debian-clang | 1.1.1 | OK | ||||
r-devel-linux-x86_64-debian-gcc | 1.1.1 | 12.76 | 295.56 | 308.32 | OK | |
r-devel-linux-x86_64-fedora-clang | 1.1.1 | 404.64 | NOTE | |||
r-devel-linux-x86_64-fedora-gcc | 1.1.1 | 523.63 | OK | |||
r-devel-windows-x86_64 | 1.1.1 | 15.00 | 293.00 | 308.00 | OK | |
r-patched-linux-x86_64 | 1.1.1 | 12.57 | 384.01 | 396.58 | OK | |
r-release-linux-x86_64 | 1.1.1 | 11.04 | 387.54 | 398.58 | OK | |
r-release-macos-arm64 | 1.1.1 | 148.00 | OK | |||
r-release-macos-x86_64 | 1.1.1 | 234.00 | OK | |||
r-release-windows-x86_64 | 1.1.1 | 16.00 | 296.00 | 312.00 | OK | |
r-oldrel-macos-arm64 | 1.1.1 | 226.00 | OK | |||
r-oldrel-macos-x86_64 | 1.1.1 | 348.00 | OK | |||
r-oldrel-windows-x86_64 | 1.1.1 | 20.00 | 382.00 | 402.00 | OK |
Version: 1.1.1
Check: package dependencies
Result: NOTE
Imports includes 22 non-default packages.
Importing from so many packages makes the package vulnerable to any of
them becoming unavailable. Move as many as possible to Suggests and
use conditionally.
Flavor: r-devel-linux-x86_64-fedora-clang