Last updated on 2025-10-02 22:51:17 CEST.
Flavor | Version | Tinstall | Tcheck | Ttotal | Status | Flags |
---|---|---|---|---|---|---|
r-devel-linux-x86_64-debian-clang | 1.2.14 | 5.09 | 49.77 | 54.86 | OK | |
r-devel-linux-x86_64-debian-gcc | 1.2.14 | 3.37 | 34.16 | 37.53 | ERROR | |
r-devel-linux-x86_64-fedora-clang | 1.2.14 | 79.72 | OK | |||
r-devel-linux-x86_64-fedora-gcc | 1.2.14 | 90.90 | OK | |||
r-devel-windows-x86_64 | 1.2.14 | 7.00 | 205.00 | 212.00 | OK | |
r-patched-linux-x86_64 | 1.2.14 | 5.37 | 46.68 | 52.05 | OK | |
r-release-linux-x86_64 | 1.2.14 | 4.06 | 46.96 | 51.02 | OK | |
r-release-macos-arm64 | 1.2.14 | 170.00 | OK | |||
r-release-macos-x86_64 | 1.2.14 | 202.00 | OK | |||
r-release-windows-x86_64 | 1.2.14 | 7.00 | 209.00 | 216.00 | OK | |
r-oldrel-macos-arm64 | 1.2.14 | 167.00 | OK | |||
r-oldrel-macos-x86_64 | 1.2.14 | 205.00 | OK | |||
r-oldrel-windows-x86_64 | 1.2.14 | 7.00 | 244.00 | 251.00 | OK |
Version: 1.2.14
Check: re-building of vignette outputs
Result: ERROR
Error(s) in re-building vignettes:
...
--- re-building ‘wiki_utils.Rmd’ using rmarkdown
INFO: The number of entities (359) exceeds chunksize (50).
INFO: Requesting elements from 1 to 50
INFO: Requesting elements from 51 to 100
INFO: Requesting elements from 101 to 150
INFO: Requesting elements from 151 to 200
INFO: Requesting elements from 201 to 250
Error in doTryCatch(return(expr), name, parentenv, handler): ERROR: reqMediaWiki(): internal_api_error_DBConnectionError: [dc0e86a2-bf65-46af-88d8-cc5292b6903d] Caught exception of type Wikimedia\Rdbms\DBConnectionError
Quitting from wiki_utils.Rmd:214-224 [unnamed-chunk-16]
~~~~~~~~~~~~~~~~~~~~~~~~~~~~~~~~~~~~~~~~~~~~~~~~~~~~~~~~~~~~~~~~~~~~~~~~~~~~~~~~
<error/rlang_error>
Error in `w_EntityInfo()`:
! Error in w_EntityInfo: reqMediaWiki returns an improper JSON.
---
Backtrace:
▆
1. └─wikiTools::w_EntityInfo(...)
~~~~~~~~~~~~~~~~~~~~~~~~~~~~~~~~~~~~~~~~~~~~~~~~~~~~~~~~~~~~~~~~~~~~~~~~~~~~~~~~
Error: processing vignette 'wiki_utils.Rmd' failed with diagnostics:
Error in w_EntityInfo: reqMediaWiki returns an improper JSON.
--- failed re-building ‘wiki_utils.Rmd’
SUMMARY: processing the following file failed:
‘wiki_utils.Rmd’
Error: Vignette re-building failed.
Execution halted
Flavor: r-devel-linux-x86_64-debian-gcc